{"id":1248,"date":"2021-05-13T08:57:54","date_gmt":"2021-05-13T13:57:54","guid":{"rendered":"http:\/\/www.icesi.edu.co\/blogs\/cultura\/?page_id=1248"},"modified":"2022-02-10T11:12:46","modified_gmt":"2022-02-10T16:12:46","slug":"catalogos-latinoamericanos-de-tesis-en-antropologia-social","status":"publish","type":"page","link":"https:\/\/www.icesi.edu.co\/blogs\/cultura\/catalogos-latinoamericanos-de-tesis-en-antropologia-social\/","title":{"rendered":"Cat\u00e1logos Latinoamericanos de Tesis en Antropolog\u00eda Social"},"content":{"rendered":"<p>Basados en el principio del Don, de Marcel Mauss, <a href=\"https:\/\/antropotesis.alterum.info\/\">estos cat\u00e1logos latinoamericanos de tesis en antropolog\u00eda social<\/a> son fruto de la generosa colaboraci\u00f3n entre los participantes del \u201cGrupo de Trabajo\u201d, creado por la Asociaci\u00f3n Latinoamericana de Antropolog\u00eda en abril de 2018. Nuestro prop\u00f3sito es hacer un inventario, lo m\u00e1s completo posible, de las tesis que los alumnos han presentado para obtener un t\u00edtulo acad\u00e9mico en nuestra disciplina.<\/p>\n<p>\u00bfPara qu\u00e9 nos sirve un cat\u00e1logo de este tipo? Mediante la sistematizaci\u00f3n de las fuentes del conocimiento antropol\u00f3gico latinoamericano, ofrecemos a los estudiantes un instrumento para elaborar sus proyectos de investigaci\u00f3n relacion\u00e1ndolos con trabajos que pudieran ser de su inter\u00e9s y han sido realizados por sus pares. Saber lo que se ha dicho y estudiado, contribuye a que nuestros conocimientos antropol\u00f3gicos sean cada vez m\u00e1s robustos y convincentes. Asimismo, el conjunto de tesis de una instituci\u00f3n o de un pa\u00eds, es un reflejo de qui\u00e9nes somos, qu\u00e9 hacemos, cu\u00e1les son nuestras inquietudes acad\u00e9micas, c\u00f3mo cambian nuestros enfoques y qu\u00e9 nos hace antrop\u00f3logos, a partir de nuestras propias subjetividades.<\/p>\n<p>Regularmente, los trabajos de titulaci\u00f3n y las tesis pertenecen a la llamada literatura gris de las bibliotecas institucionales. Sin importar su origen, \u00e9stas son producto de una laboriosa elaboraci\u00f3n y deber\u00edan poder ser consultadas de manera m\u00e1s sencilla. Gracias a las revoluciones inform\u00e1ticas de los \u00faltimos tiempos, ahora podemos hacer algo para remediar su inaccesibilidad. Al dar a conocer la existencia de otras experiencias de investigaci\u00f3n, esperamos poder formular y fortalecer planes para el futuro de nuestra disciplina, as\u00ed como incitar a los estudiantes a explorar nuevas problem\u00e1ticas, corrientes o perspectivas que emergen de su propia regi\u00f3n. Por medio de los cat\u00e1logos latinoamericanos de tesis en antropolog\u00eda social, queremos \u201cdar, recibir y devolver\u201d a nuestras comunidades lo que hemos construido con ellas.<\/p>\n<p>Responsable del proyecto: Roberto Melville (CIESAS CdMX, M\u00e9xico)<\/p>\n","protected":false},"excerpt":{"rendered":"<p>Basados en el principio del Don, de Marcel Mauss, estos cat\u00e1logos latinoamericanos de tesis en antropolog\u00eda social son fruto de&hellip;<\/p>\n","protected":false},"author":165,"featured_media":0,"parent":0,"menu_order":5,"comment_status":"closed","ping_status":"closed","template":"","meta":{"footnotes":""},"class_list":["post-1248","page","type-page","status-publish","hentry"],"aioseo_notices":[],"rttpg_featured_image_url":null,"rttpg_author":{"display_name":"Etnolab","author_link":"https:\/\/www.icesi.edu.co\/blogs\/cultura\/author\/94492890\/"},"rttpg_comment":0,"rttpg_category":null,"rttpg_excerpt":"Basados en el principio del Don, de Marcel Mauss, estos cat\u00e1logos latinoamericanos de tesis en antropolog\u00eda social son fruto de&hellip;","_links":{"self":[{"href":"https:\/\/www.icesi.edu.co\/blogs\/cultura\/wp-json\/wp\/v2\/pages\/1248"}],"collection":[{"href":"https:\/\/www.icesi.edu.co\/blogs\/cultura\/wp-json\/wp\/v2\/pages"}],"about":[{"href":"https:\/\/www.icesi.edu.co\/blogs\/cultura\/wp-json\/wp\/v2\/types\/page"}],"author":[{"embeddable":true,"href":"https:\/\/www.icesi.edu.co\/blogs\/cultura\/wp-json\/wp\/v2\/users\/165"}],"replies":[{"embeddable":true,"href":"https:\/\/www.icesi.edu.co\/blogs\/cultura\/wp-json\/wp\/v2\/comments?post=1248"}],"version-history":[{"count":2,"href":"https:\/\/www.icesi.edu.co\/blogs\/cultura\/wp-json\/wp\/v2\/pages\/1248\/revisions"}],"predecessor-version":[{"id":1411,"href":"https:\/\/www.icesi.edu.co\/blogs\/cultura\/wp-json\/wp\/v2\/pages\/1248\/revisions\/1411"}],"wp:attachment":[{"href":"https:\/\/www.icesi.edu.co\/blogs\/cultura\/wp-json\/wp\/v2\/media?parent=1248"}],"curies":[{"name":"wp","href":"https:\/\/api.w.org\/{rel}","templated":true}]}}