Last updated on 2024-08-18 04:48:27 CEST.
Flavor | Version | Tinstall | Tcheck | Ttotal | Status | Flags |
---|---|---|---|---|---|---|
r-devel-linux-x86_64-debian-clang | 0.6-70 | 7.73 | 90.79 | 98.52 | OK | |
r-devel-linux-x86_64-debian-gcc | 0.6-70 | 6.02 | 56.31 | 62.33 | OK | |
r-devel-linux-x86_64-fedora-clang | 0.6-70 | 161.49 | NOTE | |||
r-devel-linux-x86_64-fedora-gcc | 0.6-70 | 179.83 | NOTE | |||
r-devel-windows-x86_64 | 0.6-70 | 10.00 | 132.00 | 142.00 | OK | |
r-patched-linux-x86_64 | 0.6-70 | 10.22 | 86.75 | 96.97 | OK | |
r-release-linux-x86_64 | 0.6-70 | 7.42 | 87.20 | 94.62 | OK | |
r-release-macos-arm64 | 0.6-70 | 45.00 | OK | |||
r-release-macos-x86_64 | 0.6-70 | 87.00 | OK | |||
r-release-windows-x86_64 | 0.6-70 | 10.00 | 131.00 | 141.00 | OK | |
r-oldrel-macos-arm64 | 0.6-70 | 55.00 | OK | |||
r-oldrel-macos-x86_64 | 0.6-70 | 101.00 | OK | |||
r-oldrel-windows-x86_64 | 0.6-70 | 12.00 | 138.00 | 150.00 | OK |
Version: 0.6-70
Check: data for non-ASCII characters
Result: NOTE
Note: found 146804 marked UTF-8 strings
Flavors: r-devel-linux-x86_64-fedora-clang, r-devel-linux-x86_64-fedora-gcc