Last updated on 2024-08-17 05:49:39 CEST.
Flavor | Version | Tinstall | Tcheck | Ttotal | Status | Flags |
---|---|---|---|---|---|---|
r-devel-linux-x86_64-debian-clang | 0.3.5 | 34.67 | 215.80 | 250.47 | OK | |
r-devel-linux-x86_64-debian-gcc | 0.3.5 | 20.71 | 156.83 | 177.54 | OK | |
r-devel-linux-x86_64-fedora-clang | 0.3.5 | 400.45 | NOTE | |||
r-devel-linux-x86_64-fedora-gcc | 0.3.5 | 568.58 | NOTE | |||
r-devel-windows-x86_64 | 0.3.5 | 30.00 | 245.00 | 275.00 | OK | |
r-patched-linux-x86_64 | 0.3.5 | 30.91 | 209.55 | 240.46 | OK | |
r-release-linux-x86_64 | 0.3.5 | 33.19 | 209.96 | 243.15 | OK | |
r-release-macos-arm64 | 0.3.5 | 145.00 | OK | |||
r-release-macos-x86_64 | 0.3.5 | 270.00 | OK | |||
r-release-windows-x86_64 | 0.3.5 | 32.00 | 256.00 | 288.00 | OK | |
r-oldrel-macos-arm64 | 0.3.5 | 138.00 | OK | |||
r-oldrel-macos-x86_64 | 0.3.5 | 261.00 | OK | |||
r-oldrel-windows-x86_64 | 0.3.5 | 42.00 | 342.00 | 384.00 | OK |
Version: 0.3.5
Check: data for non-ASCII characters
Result: NOTE
Note: found 5 marked UTF-8 strings
Flavors: r-devel-linux-x86_64-fedora-clang, r-devel-linux-x86_64-fedora-gcc