Last updated on 2025-02-10 03:49:34 CET.
Flavor | Version | Tinstall | Tcheck | Ttotal | Status | Flags |
---|---|---|---|---|---|---|
r-devel-linux-x86_64-debian-clang | 0.1.0 | 2.30 | 30.05 | 32.35 | OK | |
r-devel-linux-x86_64-debian-gcc | 0.1.0 | 1.84 | 24.10 | 25.94 | OK | |
r-devel-linux-x86_64-fedora-clang | 0.1.0 | 52.95 | OK | |||
r-devel-linux-x86_64-fedora-gcc | 0.1.0 | 62.28 | OK | |||
r-devel-windows-x86_64 | 0.1.0 | 3.00 | 56.00 | 59.00 | OK | |
r-patched-linux-x86_64 | 0.1.0 | 1.87 | 28.72 | 30.59 | NOTE | |
r-release-linux-x86_64 | 0.1.0 | 2.26 | 28.27 | 30.53 | NOTE | |
r-release-macos-arm64 | 0.1.0 | 24.00 | NOTE | |||
r-release-macos-x86_64 | 0.1.0 | 37.00 | NOTE | |||
r-release-windows-x86_64 | 0.1.0 | 4.00 | 58.00 | 62.00 | NOTE | |
r-oldrel-macos-arm64 | 0.1.0 | 28.00 | NOTE | |||
r-oldrel-macos-x86_64 | 0.1.0 | 40.00 | NOTE | |||
r-oldrel-windows-x86_64 | 0.1.0 | 4.00 | 63.00 | 67.00 | NOTE |
Version: 0.1.0
Check: LazyData
Result: NOTE
'LazyData' is specified without a 'data' directory
Flavors: r-patched-linux-x86_64, r-release-linux-x86_64, r-release-macos-arm64, r-release-macos-x86_64, r-release-windows-x86_64, r-oldrel-macos-arm64, r-oldrel-macos-x86_64, r-oldrel-windows-x86_64