Last updated on 2024-08-17 05:49:39 CEST.
Flavor | Version | Tinstall | Tcheck | Ttotal | Status | Flags |
---|---|---|---|---|---|---|
r-devel-linux-x86_64-debian-clang | 1.1.2 | 14.94 | 207.26 | 222.20 | OK | |
r-devel-linux-x86_64-debian-gcc | 1.1.2 | 9.91 | 135.40 | 145.31 | OK | |
r-devel-linux-x86_64-fedora-clang | 1.1.2 | 354.28 | NOTE | |||
r-devel-linux-x86_64-fedora-gcc | 1.1.2 | 369.58 | OK | |||
r-devel-windows-x86_64 | 1.1.2 | 17.00 | 203.00 | 220.00 | OK | |
r-patched-linux-x86_64 | 1.1.2 | 16.46 | 194.33 | 210.79 | OK | |
r-release-linux-x86_64 | 1.1.2 | 13.65 | 198.41 | 212.06 | OK | |
r-release-macos-arm64 | 1.1.2 | 94.00 | OK | |||
r-release-macos-x86_64 | 1.1.2 | 236.00 | OK | |||
r-release-windows-x86_64 | 1.1.2 | 17.00 | 197.00 | 214.00 | OK | |
r-oldrel-macos-arm64 | 1.1.2 | 102.00 | OK | |||
r-oldrel-macos-x86_64 | 1.1.2 | 167.00 | OK | |||
r-oldrel-windows-x86_64 | 1.1.2 | 23.00 | 251.00 | 274.00 | OK |
Version: 1.1.2
Check: Rd cross-references
Result: NOTE
Undeclared package ‘rlang’ in Rd xrefs
Flavor: r-devel-linux-x86_64-fedora-clang