Last updated on 2025-02-10 03:49:34 CET.
Flavor | Version | Tinstall | Tcheck | Ttotal | Status | Flags |
---|---|---|---|---|---|---|
r-devel-linux-x86_64-debian-clang | 0.2.3 | 9.13 | 63.66 | 72.79 | OK | |
r-devel-linux-x86_64-debian-gcc | 0.2.3 | 6.39 | 46.50 | 52.89 | OK | |
r-devel-linux-x86_64-fedora-clang | 0.2.3 | 115.60 | OK | |||
r-devel-linux-x86_64-fedora-gcc | 0.2.3 | 117.31 | OK | |||
r-devel-windows-x86_64 | 0.2.3 | 11.00 | 73.00 | 84.00 | OK | |
r-patched-linux-x86_64 | 0.2.3 | 6.88 | 57.32 | 64.20 | NOTE | |
r-release-linux-x86_64 | 0.2.3 | 7.64 | 57.47 | 65.11 | NOTE | |
r-release-macos-arm64 | 0.2.3 | 40.00 | NOTE | |||
r-release-macos-x86_64 | 0.2.3 | 56.00 | NOTE | |||
r-release-windows-x86_64 | 0.2.3 | 11.00 | 73.00 | 84.00 | NOTE | |
r-oldrel-macos-arm64 | 0.2.3 | 36.00 | NOTE | |||
r-oldrel-macos-x86_64 | 0.2.3 | 58.00 | NOTE | |||
r-oldrel-windows-x86_64 | 0.2.3 | 12.00 | 90.00 | 102.00 | NOTE |
Version: 0.2.3
Check: LazyData
Result: NOTE
'LazyData' is specified without a 'data' directory
Flavors: r-patched-linux-x86_64, r-release-linux-x86_64, r-release-macos-arm64, r-release-macos-x86_64, r-release-windows-x86_64, r-oldrel-macos-arm64, r-oldrel-macos-x86_64, r-oldrel-windows-x86_64