Last updated on 2024-08-17 05:49:39 CEST.
Flavor | Version | Tinstall | Tcheck | Ttotal | Status | Flags |
---|---|---|---|---|---|---|
r-devel-linux-x86_64-debian-clang | 0.30 | 3.30 | 30.90 | 34.20 | NOTE | |
r-devel-linux-x86_64-debian-gcc | 0.30 | 2.28 | 23.76 | 26.04 | NOTE | |
r-devel-linux-x86_64-fedora-clang | 0.30 | 54.97 | OK | |||
r-devel-linux-x86_64-fedora-gcc | 0.30 | 68.22 | OK | |||
r-devel-windows-x86_64 | 0.30 | 5.00 | 52.00 | 57.00 | NOTE | |
r-patched-linux-x86_64 | 0.30 | 6.62 | 29.33 | 35.95 | OK | |
r-release-linux-x86_64 | 0.30 | 3.31 | 29.83 | 33.14 | OK | |
r-release-macos-arm64 | 0.30 | 26.00 | OK | |||
r-release-macos-x86_64 | 0.30 | 39.00 | OK | |||
r-release-windows-x86_64 | 0.30 | 6.00 | 51.00 | 57.00 | OK | |
r-oldrel-macos-arm64 | 0.30 | 34.00 | OK | |||
r-oldrel-macos-x86_64 | 0.30 | 61.00 | OK | |||
r-oldrel-windows-x86_64 | 0.30 | 6.00 | 51.00 | 57.00 | OK |
Version: 0.30
Check: Rd cross-references
Result: NOTE
Found the following Rd file(s) with Rd \link{} targets missing package
anchors:
inf_mr.Rd: httw
moon_reader.Rd: html_document
Please provide package anchors for all Rd \link{} targets not in the
package itself and the base packages.
Flavors: r-devel-linux-x86_64-debian-clang, r-devel-linux-x86_64-debian-gcc, r-devel-windows-x86_64