Last updated on 2024-08-17 05:49:39 CEST.
Flavor | Version | Tinstall | Tcheck | Ttotal | Status | Flags |
---|---|---|---|---|---|---|
r-devel-linux-x86_64-debian-clang | 0.1-17 | 3.43 | 38.34 | 41.77 | NOTE | |
r-devel-linux-x86_64-debian-gcc | 0.1-17 | 2.71 | 29.44 | 32.15 | NOTE | |
r-devel-linux-x86_64-fedora-clang | 0.1-17 | 69.33 | NOTE | |||
r-devel-linux-x86_64-fedora-gcc | 0.1-17 | 83.31 | NOTE | |||
r-devel-windows-x86_64 | 0.1-17 | 5.00 | 65.00 | 70.00 | NOTE | |
r-patched-linux-x86_64 | 0.1-17 | 3.63 | 36.06 | 39.69 | NOTE | |
r-release-linux-x86_64 | 0.1-17 | 3.22 | 36.77 | 39.99 | NOTE | |
r-release-macos-arm64 | 0.1-17 | 50.00 | NOTE | |||
r-release-macos-x86_64 | 0.1-17 | 100.00 | NOTE | |||
r-release-windows-x86_64 | 0.1-17 | 5.00 | 65.00 | 70.00 | NOTE | |
r-oldrel-macos-arm64 | 0.1-17 | 36.00 | NOTE | |||
r-oldrel-macos-x86_64 | 0.1-17 | 80.00 | NOTE | |||
r-oldrel-windows-x86_64 | 0.1-17 | 6.00 | 62.00 | 68.00 | NOTE |
Version: 0.1-17
Check: package dependencies
Result: NOTE
Package suggested but not available for checking: ‘wordnetDicts’
Flavors: r-devel-linux-x86_64-debian-clang, r-devel-linux-x86_64-debian-gcc, r-devel-linux-x86_64-fedora-clang, r-devel-linux-x86_64-fedora-gcc, r-devel-windows-x86_64, r-patched-linux-x86_64, r-release-linux-x86_64, r-release-macos-arm64, r-release-macos-x86_64, r-release-windows-x86_64, r-oldrel-macos-arm64, r-oldrel-macos-x86_64, r-oldrel-windows-x86_64