Last updated on 2024-08-17 05:49:39 CEST.
Flavor | Version | Tinstall | Tcheck | Ttotal | Status | Flags |
---|---|---|---|---|---|---|
r-devel-linux-x86_64-debian-clang | 0.8.0 | 8.66 | 92.49 | 101.15 | OK | |
r-devel-linux-x86_64-debian-gcc | 0.8.0 | 7.08 | 65.56 | 72.64 | OK | |
r-devel-linux-x86_64-fedora-clang | 0.8.0 | 157.60 | NOTE | |||
r-devel-linux-x86_64-fedora-gcc | 0.8.0 | 154.11 | NOTE | |||
r-devel-windows-x86_64 | 0.8.0 | 10.00 | 97.00 | 107.00 | OK | |
r-patched-linux-x86_64 | 0.8.0 | 8.96 | 85.65 | 94.61 | OK | |
r-release-linux-x86_64 | 0.8.0 | 8.02 | 86.95 | 94.97 | OK | |
r-release-macos-arm64 | 0.8.0 | 48.00 | OK | |||
r-release-macos-x86_64 | 0.8.0 | 131.00 | OK | |||
r-release-windows-x86_64 | 0.8.0 | 10.00 | 96.00 | 106.00 | OK | |
r-oldrel-macos-arm64 | 0.8.0 | 50.00 | OK | |||
r-oldrel-macos-x86_64 | 0.8.0 | 95.00 | OK | |||
r-oldrel-windows-x86_64 | 0.8.0 | 12.00 | 123.00 | 135.00 | OK |
Version: 0.8.0
Check: data for non-ASCII characters
Result: NOTE
Note: found 154 marked UTF-8 strings
Flavors: r-devel-linux-x86_64-fedora-clang, r-devel-linux-x86_64-fedora-gcc