Last updated on 2025-02-11 03:50:24 CET.
Flavor | Version | Tinstall | Tcheck | Ttotal | Status | Flags |
---|---|---|---|---|---|---|
r-devel-linux-x86_64-debian-clang | 0.1.3 | 49.35 | 30.10 | 79.45 | NOTE | |
r-devel-linux-x86_64-debian-gcc | 0.1.3 | 40.99 | 23.65 | 64.64 | NOTE | |
r-devel-linux-x86_64-fedora-clang | 0.1.3 | 147.04 | NOTE | |||
r-devel-linux-x86_64-fedora-gcc | 0.1.3 | 184.84 | NOTE | |||
r-devel-windows-x86_64 | 0.1.3 | 61.00 | 81.00 | 142.00 | NOTE | |
r-patched-linux-x86_64 | 0.1.3 | 62.76 | 28.63 | 91.39 | NOTE | |
r-release-linux-x86_64 | 0.1.3 | 58.09 | 28.66 | 86.75 | NOTE | |
r-release-macos-arm64 | 0.1.3 | 42.00 | NOTE | |||
r-release-macos-x86_64 | 0.1.3 | 46.00 | NOTE | |||
r-release-windows-x86_64 | 0.1.3 | 62.00 | 83.00 | 145.00 | NOTE | |
r-oldrel-macos-arm64 | 0.1.3 | 54.00 | NOTE | |||
r-oldrel-macos-x86_64 | 0.1.3 | 84.00 | NOTE | |||
r-oldrel-windows-x86_64 | 0.1.3 | 69.00 | 91.00 | 160.00 | NOTE |
Version: 0.1.3
Check: C++ specification
Result: NOTE
Specified C++11: please drop specification unless essential
Flavors: r-devel-linux-x86_64-debian-clang, r-devel-linux-x86_64-debian-gcc, r-devel-linux-x86_64-fedora-clang, r-devel-linux-x86_64-fedora-gcc, r-devel-windows-x86_64, r-patched-linux-x86_64, r-release-linux-x86_64, r-release-macos-arm64, r-release-macos-x86_64, r-release-windows-x86_64, r-oldrel-macos-arm64, r-oldrel-macos-x86_64, r-oldrel-windows-x86_64
Version: 0.1.3
Check: Rd cross-references
Result: NOTE
Found the following Rd file(s) with Rd \link{} targets missing package
anchors:
wkt_plot.Rd: wkt, wkb
Please provide package anchors for all Rd \link{} targets not in the
package itself and the base packages.
Flavors: r-devel-linux-x86_64-debian-clang, r-devel-linux-x86_64-debian-gcc, r-devel-windows-x86_64