Last updated on 2024-08-17 05:49:39 CEST.
Flavor | Version | Tinstall | Tcheck | Ttotal | Status | Flags |
---|---|---|---|---|---|---|
r-devel-linux-x86_64-debian-clang | 1.1.1 | 13.62 | 313.25 | 326.87 | OK | |
r-devel-linux-x86_64-debian-gcc | 1.1.1 | 10.46 | 220.51 | 230.97 | OK | |
r-devel-linux-x86_64-fedora-clang | 1.1.1 | 518.58 | NOTE | |||
r-devel-linux-x86_64-fedora-gcc | 1.1.1 | 531.68 | OK | |||
r-devel-windows-x86_64 | 1.1.1 | 15.00 | 303.00 | 318.00 | OK | |
r-patched-linux-x86_64 | 1.1.1 | 12.21 | 293.37 | 305.58 | OK | |
r-release-linux-x86_64 | 1.1.1 | 12.44 | 298.80 | 311.24 | OK | |
r-release-macos-arm64 | 1.1.1 | 148.00 | OK | |||
r-release-macos-x86_64 | 1.1.1 | 234.00 | OK | |||
r-release-windows-x86_64 | 1.1.1 | 13.00 | 296.00 | 309.00 | OK | |
r-oldrel-macos-arm64 | 1.1.1 | 226.00 | OK | |||
r-oldrel-macos-x86_64 | 1.1.1 | 348.00 | OK | |||
r-oldrel-windows-x86_64 | 1.1.1 | 20.00 | 387.00 | 407.00 | OK |
Version: 1.1.1
Check: package dependencies
Result: NOTE
Imports includes 22 non-default packages.
Importing from so many packages makes the package vulnerable to any of
them becoming unavailable. Move as many as possible to Suggests and
use conditionally.
Flavor: r-devel-linux-x86_64-fedora-clang