Last updated on 2024-08-17 05:49:39 CEST.
Flavor | Version | Tinstall | Tcheck | Ttotal | Status | Flags |
---|---|---|---|---|---|---|
r-devel-linux-x86_64-debian-clang | 0.3.1 | 4.27 | 83.65 | 87.92 | OK | |
r-devel-linux-x86_64-debian-gcc | 0.3.1 | 3.16 | 63.88 | 67.04 | OK | |
r-devel-linux-x86_64-fedora-clang | 0.3.1 | 155.80 | NOTE | |||
r-devel-linux-x86_64-fedora-gcc | 0.3.1 | 161.38 | NOTE | |||
r-devel-windows-x86_64 | 0.3.1 | 7.00 | 116.00 | 123.00 | OK | |
r-patched-linux-x86_64 | 0.3.1 | 4.44 | 85.15 | 89.59 | OK | |
r-release-linux-x86_64 | 0.3.1 | 3.70 | 84.83 | 88.53 | OK | |
r-release-macos-arm64 | 0.3.1 | 51.00 | OK | |||
r-release-macos-x86_64 | 0.3.1 | 78.00 | OK | |||
r-release-windows-x86_64 | 0.3.1 | 6.00 | 113.00 | 119.00 | OK | |
r-oldrel-macos-arm64 | 0.3.1 | 59.00 | OK | |||
r-oldrel-macos-x86_64 | 0.3.1 | 100.00 | OK | |||
r-oldrel-windows-x86_64 | 0.3.1 | 9.00 | 129.00 | 138.00 | OK |
Version: 0.3.1
Check: data for non-ASCII characters
Result: NOTE
Note: found 14 marked UTF-8 strings
Flavors: r-devel-linux-x86_64-fedora-clang, r-devel-linux-x86_64-fedora-gcc