Last updated on 2025-02-04 05:50:34 CET.
Flavor | Version | Tinstall | Tcheck | Ttotal | Status | Flags |
---|---|---|---|---|---|---|
r-devel-linux-x86_64-debian-clang | 0.3-0.2 | 5.62 | 39.11 | 44.73 | OK | |
r-devel-linux-x86_64-debian-gcc | 0.3-0.2 | 4.66 | 27.85 | 32.51 | OK | |
r-devel-linux-x86_64-fedora-clang | 0.3-0.2 | 74.04 | NOTE | |||
r-devel-linux-x86_64-fedora-gcc | 0.3-0.2 | 69.05 | NOTE | |||
r-devel-windows-x86_64 | 0.3-0.2 | 11.00 | 64.00 | 75.00 | OK | |
r-patched-linux-x86_64 | 0.3-0.2 | 6.26 | 36.55 | 42.81 | OK | |
r-release-linux-x86_64 | 0.3-0.2 | 5.84 | 36.65 | 42.49 | OK | |
r-release-macos-arm64 | 0.3-0.2 | 23.00 | OK | |||
r-release-macos-x86_64 | 0.3-0.2 | 36.00 | OK | |||
r-release-windows-x86_64 | 0.3-0.2 | 9.00 | 61.00 | 70.00 | OK | |
r-oldrel-macos-arm64 | 0.3-0.2 | 25.00 | OK | |||
r-oldrel-macos-x86_64 | 0.3-0.2 | 36.00 | OK | |||
r-oldrel-windows-x86_64 | 0.3-0.2 | 9.00 | 68.00 | 77.00 | OK |
Version: 0.3-0.2
Check: compiled code
Result: NOTE
File ‘wavelets/libs/wavelets.so’:
Found no calls to: ‘R_registerRoutines’, ‘R_useDynamicSymbols’
It is good practice to register native routines and to disable symbol
search.
See ‘Writing portable packages’ in the ‘Writing R Extensions’ manual.
Flavors: r-devel-linux-x86_64-fedora-clang, r-devel-linux-x86_64-fedora-gcc