Last updated on 2024-08-17 05:49:39 CEST.
Flavor | Version | Tinstall | Tcheck | Ttotal | Status | Flags |
---|---|---|---|---|---|---|
r-devel-linux-x86_64-debian-clang | 2.0.1 | 9.51 | 184.61 | 194.12 | NOTE | |
r-devel-linux-x86_64-debian-gcc | 2.0.1 | 6.91 | 125.19 | 132.10 | NOTE | |
r-devel-linux-x86_64-fedora-clang | 2.0.1 | 264.55 | OK | |||
r-devel-linux-x86_64-fedora-gcc | 2.0.1 | 267.32 | OK | |||
r-devel-windows-x86_64 | 2.0.1 | 13.00 | 185.00 | 198.00 | NOTE | |
r-patched-linux-x86_64 | 2.0.1 | 16.96 | 174.47 | 191.43 | OK | |
r-release-linux-x86_64 | 2.0.1 | 8.90 | 175.36 | 184.26 | OK | |
r-release-macos-arm64 | 2.0.1 | 88.00 | OK | |||
r-release-macos-x86_64 | 2.0.1 | 129.00 | OK | |||
r-release-windows-x86_64 | 2.0.1 | 13.00 | 187.00 | 200.00 | OK | |
r-oldrel-macos-arm64 | 2.0.1 | 99.00 | OK | |||
r-oldrel-macos-x86_64 | 2.0.1 | 165.00 | OK | |||
r-oldrel-windows-x86_64 | 2.0.1 | 15.00 | 238.00 | 253.00 | OK |
Version: 2.0.1
Check: Rd cross-references
Result: NOTE
Found the following Rd file(s) with Rd \link{} targets missing package
anchors:
knit_table.Rd: kable
skim_metrics.Rd: skim_with
Please provide package anchors for all Rd \link{} targets not in the
package itself and the base packages.
Flavors: r-devel-linux-x86_64-debian-clang, r-devel-linux-x86_64-debian-gcc, r-devel-windows-x86_64