Last updated on 2024-08-18 04:48:27 CEST.
Flavor | Version | Tinstall | Tcheck | Ttotal | Status | Flags |
---|---|---|---|---|---|---|
r-devel-linux-x86_64-debian-clang | 1.0.2 | 13.03 | 306.33 | 319.36 | NOTE | |
r-devel-linux-x86_64-debian-gcc | 1.0.2 | 8.76 | 195.36 | 204.12 | NOTE | |
r-devel-linux-x86_64-fedora-clang | 1.0.2 | 519.20 | NOTE | |||
r-devel-linux-x86_64-fedora-gcc | 1.0.2 | 529.78 | OK | |||
r-devel-windows-x86_64 | 1.0.2 | 18.00 | 273.00 | 291.00 | NOTE | |
r-patched-linux-x86_64 | 1.0.2 | 17.28 | 290.90 | 308.18 | NOTE | |
r-release-linux-x86_64 | 1.0.2 | 12.43 | 289.90 | 302.33 | NOTE | |
r-release-macos-arm64 | 1.0.2 | 131.00 | NOTE | |||
r-release-macos-x86_64 | 1.0.2 | 213.00 | NOTE | |||
r-release-windows-x86_64 | 1.0.2 | 17.00 | 266.00 | 283.00 | OK | |
r-oldrel-macos-arm64 | 1.0.2 | 145.00 | NOTE | |||
r-oldrel-macos-x86_64 | 1.0.2 | 351.00 | NOTE | |||
r-oldrel-windows-x86_64 | 1.0.2 | 19.00 | 361.00 | 380.00 | NOTE |
Version: 1.0.2
Check: package dependencies
Result: NOTE
Package suggested but not available for checking: ‘INLA’
Flavors: r-devel-linux-x86_64-debian-clang, r-devel-linux-x86_64-debian-gcc, r-patched-linux-x86_64, r-release-linux-x86_64, r-release-macos-arm64, r-release-macos-x86_64, r-oldrel-macos-arm64, r-oldrel-macos-x86_64, r-oldrel-windows-x86_64
Version: 1.0.2
Check: Rd cross-references
Result: NOTE
Package unavailable to check Rd xrefs: ‘INLA’
Found the following Rd file(s) with Rd \link{} targets missing package
anchors:
check_regression.Rd: gam.check, plot.earth
evppi.Rd: gam
evppivar.Rd: gam
Please provide package anchors for all Rd \link{} targets not in the
package itself and the base packages.
Flavors: r-devel-linux-x86_64-debian-clang, r-devel-linux-x86_64-debian-gcc
Version: 1.0.2
Check: installed package size
Result: NOTE
installed size is 5.0Mb
sub-directories of 1Mb or more:
data 2.6Mb
Flavor: r-devel-linux-x86_64-fedora-clang
Version: 1.0.2
Check: Rd cross-references
Result: NOTE
Found the following Rd file(s) with Rd \link{} targets missing package
anchors:
check_regression.Rd: gam.check, plot.earth
evppi.Rd: gam
evppivar.Rd: gam
Please provide package anchors for all Rd \link{} targets not in the
package itself and the base packages.
Flavor: r-devel-windows-x86_64
Version: 1.0.2
Check: Rd cross-references
Result: NOTE
Package unavailable to check Rd xrefs: ‘INLA’
Flavors: r-patched-linux-x86_64, r-release-linux-x86_64, r-release-macos-arm64, r-release-macos-x86_64, r-oldrel-macos-arm64, r-oldrel-macos-x86_64, r-oldrel-windows-x86_64