Last updated on 2024-08-17 05:49:39 CEST.
Flavor | Version | Tinstall | Tcheck | Ttotal | Status | Flags |
---|---|---|---|---|---|---|
r-devel-linux-x86_64-debian-clang | 1.6 | 26.42 | 445.76 | 472.18 | NOTE | |
r-devel-linux-x86_64-debian-gcc | 1.6 | 18.50 | 294.24 | 312.74 | NOTE | |
r-devel-linux-x86_64-fedora-clang | 1.6 | 769.64 | OK | |||
r-devel-linux-x86_64-fedora-gcc | 1.6 | 766.33 | OK | |||
r-devel-windows-x86_64 | 1.6 | 26.00 | 372.00 | 398.00 | NOTE | |
r-patched-linux-x86_64 | 1.6 | 32.61 | 419.82 | 452.43 | OK | |
r-release-linux-x86_64 | 1.6 | 25.02 | 417.68 | 442.70 | OK | |
r-release-macos-arm64 | 1.6 | 169.00 | OK | |||
r-release-macos-x86_64 | 1.6 | 283.00 | OK | |||
r-release-windows-x86_64 | 1.6 | 26.00 | 374.00 | 400.00 | OK | |
r-oldrel-macos-arm64 | 1.6 | 162.00 | OK | |||
r-oldrel-macos-x86_64 | 1.6 | 290.00 | OK | |||
r-oldrel-windows-x86_64 | 1.6 | 37.00 | 494.00 | 531.00 | OK |
Version: 1.6
Check: Rd cross-references
Result: NOTE
Found the following Rd file(s) with Rd \link{} targets missing package
anchors:
virtualspecies-package.Rd: terra, ade4, rnaturalearth
Please provide package anchors for all Rd \link{} targets not in the
package itself and the base packages.
Flavors: r-devel-linux-x86_64-debian-clang, r-devel-linux-x86_64-debian-gcc, r-devel-windows-x86_64