Last updated on 2025-02-11 03:50:24 CET.
Flavor | Version | Tinstall | Tcheck | Ttotal | Status | Flags |
---|---|---|---|---|---|---|
r-devel-linux-x86_64-debian-clang | 1.3.1 | 13.64 | 192.45 | 206.09 | WARN | |
r-devel-linux-x86_64-debian-gcc | 1.3.1 | 10.14 | 132.93 | 143.07 | WARN | |
r-devel-linux-x86_64-fedora-clang | 1.3.1 | 295.49 | WARN | |||
r-devel-linux-x86_64-fedora-gcc | 1.3.1 | 297.55 | WARN | |||
r-devel-windows-x86_64 | 1.3.1 | 13.00 | 169.00 | 182.00 | WARN | |
r-patched-linux-x86_64 | 1.3.1 | 12.09 | 176.51 | 188.60 | WARN | |
r-release-linux-x86_64 | 1.3.1 | 12.69 | 177.65 | 190.34 | WARN | |
r-release-macos-arm64 | 1.3.1 | 73.00 | OK | |||
r-release-macos-x86_64 | 1.3.1 | 127.00 | OK | |||
r-release-windows-x86_64 | 1.3.1 | 14.00 | 169.00 | 183.00 | WARN | |
r-oldrel-macos-arm64 | 1.3.1 | 96.00 | OK | |||
r-oldrel-macos-x86_64 | 1.3.1 | 148.00 | OK | |||
r-oldrel-windows-x86_64 | 1.3.1 | 18.00 | 244.00 | 262.00 | WARN |
Version: 1.3.1
Check: whether package can be installed
Result: WARN
Found the following significant warnings:
Warning: replacing previous import ‘hardhat::contr_one_hot’ by ‘parsnip::contr_one_hot’ when loading ‘viralmodels’
Flavors: r-devel-linux-x86_64-debian-clang, r-devel-linux-x86_64-debian-gcc, r-devel-linux-x86_64-fedora-clang, r-devel-linux-x86_64-fedora-gcc, r-devel-windows-x86_64, r-patched-linux-x86_64, r-release-linux-x86_64, r-release-windows-x86_64, r-oldrel-windows-x86_64
Version: 1.3.1
Check: DESCRIPTION meta-information
Result: NOTE
Missing dependency on R >= 4.1.0 because package code uses the pipe
|> or function shorthand \(...) syntax added in R 4.1.0.
File(s) using such syntax:
‘viralmodel.R’ ‘viralpreds.R’ ‘viraltab.R’ ‘viralvis.R’
Flavors: r-devel-linux-x86_64-debian-clang, r-devel-linux-x86_64-debian-gcc, r-devel-linux-x86_64-fedora-clang, r-devel-linux-x86_64-fedora-gcc, r-devel-windows-x86_64