Last updated on 2024-08-17 05:49:39 CEST.
Flavor | Version | Tinstall | Tcheck | Ttotal | Status | Flags |
---|---|---|---|---|---|---|
r-devel-linux-x86_64-debian-clang | 1.15.0 | 85.65 | 184.73 | 270.38 | OK | |
r-devel-linux-x86_64-debian-gcc | 1.15.0 | 64.47 | 136.73 | 201.20 | OK | |
r-devel-linux-x86_64-fedora-clang | 1.15.0 | 468.62 | OK | |||
r-devel-linux-x86_64-fedora-gcc | 1.15.0 | 506.78 | OK | |||
r-devel-windows-x86_64 | 1.15.0 | 100.00 | 233.00 | 333.00 | OK | |
r-patched-linux-x86_64 | 1.15.0 | 88.34 | 174.55 | 262.89 | OK | |
r-release-linux-x86_64 | 1.15.0 | 88.62 | 177.42 | 266.04 | OK | |
r-release-macos-arm64 | 1.15.0 | 126.00 | NOTE | |||
r-release-macos-x86_64 | 1.15.0 | 210.00 | NOTE | |||
r-release-windows-x86_64 | 1.15.0 | 102.00 | 230.00 | 332.00 | OK | |
r-oldrel-macos-arm64 | 1.15.0 | 147.00 | NOTE | |||
r-oldrel-macos-x86_64 | 1.15.0 | 222.00 | NOTE | |||
r-oldrel-windows-x86_64 | 1.15.0 | 119.00 | 288.00 | 407.00 | OK |
Version: 1.15.0
Check: installed package size
Result: NOTE
installed size is 6.6Mb
sub-directories of 1Mb or more:
libs 4.6Mb
Flavors: r-release-macos-arm64, r-release-macos-x86_64, r-oldrel-macos-arm64, r-oldrel-macos-x86_64