Last updated on 2024-08-17 05:49:39 CEST.
Flavor | Version | Tinstall | Tcheck | Ttotal | Status | Flags |
---|---|---|---|---|---|---|
r-devel-linux-x86_64-debian-clang | 0.10.0 | 74.19 | 54.41 | 128.60 | OK | |
r-devel-linux-x86_64-debian-gcc | 0.10.0 | 57.56 | 42.41 | 99.97 | OK | |
r-devel-linux-x86_64-fedora-clang | 0.10.0 | 230.10 | OK | |||
r-devel-linux-x86_64-fedora-gcc | 0.10.0 | 275.77 | OK | |||
r-devel-windows-x86_64 | 0.10.0 | 100.00 | 568.00 | 668.00 | NOTE | |
r-patched-linux-x86_64 | 0.10.0 | 77.82 | 51.56 | 129.38 | OK | |
r-release-linux-x86_64 | 0.10.0 | 79.03 | 51.84 | 130.87 | OK | |
r-release-macos-arm64 | 0.10.0 | 129.00 | NOTE | |||
r-release-macos-x86_64 | 0.10.0 | 243.00 | NOTE | |||
r-release-windows-x86_64 | 0.10.0 | 96.00 | 544.00 | 640.00 | NOTE | |
r-oldrel-macos-arm64 | 0.10.0 | 109.00 | NOTE | |||
r-oldrel-macos-x86_64 | 0.10.0 | 219.00 | NOTE | |||
r-oldrel-windows-x86_64 | 0.10.0 | 96.00 | 720.00 | 816.00 | NOTE |
Version: 0.10.0
Check: installed package size
Result: NOTE
installed size is 105.8Mb
sub-directories of 1Mb or more:
extdata 2.8Mb
gdal 3.0Mb
libs 90.2Mb
proj 8.4Mb
Flavors: r-devel-windows-x86_64, r-release-macos-arm64, r-release-macos-x86_64, r-release-windows-x86_64, r-oldrel-macos-arm64, r-oldrel-macos-x86_64, r-oldrel-windows-x86_64