CRAN Package Check Results for Package valmetrics

Last updated on 2025-02-04 05:50:34 CET.

Flavor Version Tinstall Tcheck Ttotal Status Flags
r-devel-linux-x86_64-debian-clang 1.0.0 2.42 22.79 25.21 OK
r-devel-linux-x86_64-debian-gcc 1.0.0 1.92 18.27 20.19 OK
r-devel-linux-x86_64-fedora-clang 1.0.0 42.27 OK
r-devel-linux-x86_64-fedora-gcc 1.0.0 55.63 OK
r-devel-windows-x86_64 1.0.0 4.00 51.00 55.00 OK
r-patched-linux-x86_64 1.0.0 2.68 21.74 24.42 NOTE
r-release-linux-x86_64 1.0.0 2.18 21.92 24.10 NOTE
r-release-macos-arm64 1.0.0 22.00 NOTE
r-release-macos-x86_64 1.0.0 32.00 NOTE
r-release-windows-x86_64 1.0.0 4.00 51.00 55.00 NOTE
r-oldrel-macos-arm64 1.0.0 23.00 NOTE
r-oldrel-macos-x86_64 1.0.0 33.00 NOTE
r-oldrel-windows-x86_64 1.0.0 4.00 54.00 58.00 NOTE

Check Details

Version: 1.0.0
Check: LazyData
Result: NOTE 'LazyData' is specified without a 'data' directory Flavors: r-patched-linux-x86_64, r-release-linux-x86_64, r-release-macos-arm64, r-release-macos-x86_64, r-release-windows-x86_64, r-oldrel-macos-arm64, r-oldrel-macos-x86_64, r-oldrel-windows-x86_64