Last updated on 2025-02-10 03:49:33 CET.
Flavor | Version | Tinstall | Tcheck | Ttotal | Status | Flags |
---|---|---|---|---|---|---|
r-devel-linux-x86_64-debian-clang | 1.5.7 | 5.32 | 46.55 | 51.87 | OK | |
r-devel-linux-x86_64-debian-gcc | 1.5.7 | 3.87 | 34.17 | 38.04 | ERROR | |
r-devel-linux-x86_64-fedora-clang | 1.5.7 | 85.28 | ERROR | |||
r-devel-linux-x86_64-fedora-gcc | 1.5.7 | 95.77 | OK | |||
r-devel-windows-x86_64 | 1.5.7 | 7.00 | 76.00 | 83.00 | OK | |
r-patched-linux-x86_64 | 1.5.7 | 5.62 | 44.01 | 49.63 | OK | |
r-release-linux-x86_64 | 1.5.7 | 4.85 | 43.36 | 48.21 | ERROR | |
r-release-macos-arm64 | 1.5.7 | 40.00 | OK | |||
r-release-macos-x86_64 | 1.5.7 | 54.00 | OK | |||
r-release-windows-x86_64 | 1.5.7 | 9.00 | 75.00 | 84.00 | ERROR | |
r-oldrel-macos-arm64 | 1.5.7 | 34.00 | OK | |||
r-oldrel-macos-x86_64 | 1.5.7 | 51.00 | OK | |||
r-oldrel-windows-x86_64 | 1.5.7 | 9.00 | 85.00 | 94.00 | ERROR |
Version: 1.5.7
Check: re-building of vignette outputs
Result: ERROR
Error(s) in re-building vignettes:
...
--- re-building ‘Tutorial.Rmd’ using rmarkdown
Quitting from lines 105-106 [unnamed-chunk-7] (Tutorial.Rmd)
Error: processing vignette 'Tutorial.Rmd' failed with diagnostics:
lexical error: invalid char in json text.
Error: database query failed
(right here) ------^
--- failed re-building ‘Tutorial.Rmd’
SUMMARY: processing the following file failed:
‘Tutorial.Rmd’
Error: Vignette re-building failed.
Execution halted
Flavors: r-devel-linux-x86_64-debian-gcc, r-release-linux-x86_64
Version: 1.5.7
Check: re-building of vignette outputs
Result: ERROR
Error(s) in re-building vignettes:
--- re-building ‘Tutorial.Rmd’ using rmarkdown
Quitting from lines 105-106 [unnamed-chunk-7] (Tutorial.Rmd)
Error: processing vignette 'Tutorial.Rmd' failed with diagnostics:
lexical error: invalid char in json text.
Error: database query failed
(right here) ------^
--- failed re-building ‘Tutorial.Rmd’
SUMMARY: processing the following file failed:
‘Tutorial.Rmd’
Error: Vignette re-building failed.
Execution halted
Flavors: r-devel-linux-x86_64-fedora-clang, r-release-windows-x86_64, r-oldrel-windows-x86_64