Last updated on 2024-08-17 05:49:38 CEST.
Flavor | Version | Tinstall | Tcheck | Ttotal | Status | Flags |
---|---|---|---|---|---|---|
r-devel-linux-x86_64-debian-clang | 0.2.0 | 7.93 | 49.27 | 57.20 | NOTE | |
r-devel-linux-x86_64-debian-gcc | 0.2.0 | 6.37 | 35.20 | 41.57 | NOTE | |
r-devel-linux-x86_64-fedora-clang | 0.2.0 | 92.66 | NOTE | |||
r-devel-linux-x86_64-fedora-gcc | 0.2.0 | 91.48 | NOTE | |||
r-devel-windows-x86_64 | 0.2.0 | 10.00 | 66.00 | 76.00 | NOTE | |
r-patched-linux-x86_64 | 0.2.0 | 14.17 | 46.67 | 60.84 | OK | |
r-release-linux-x86_64 | 0.2.0 | 7.86 | 46.83 | 54.69 | OK | |
r-release-macos-arm64 | 0.2.0 | 27.00 | OK | |||
r-release-macos-x86_64 | 0.2.0 | 43.00 | OK | |||
r-release-windows-x86_64 | 0.2.0 | 12.00 | 64.00 | 76.00 | OK | |
r-oldrel-macos-arm64 | 0.2.0 | 29.00 | OK | |||
r-oldrel-macos-x86_64 | 0.2.0 | 42.00 | OK | |||
r-oldrel-windows-x86_64 | 0.2.0 | 12.00 | 75.00 | 87.00 | OK |
Version: 0.2.0
Check: Rd cross-references
Result: NOTE
Found the following Rd file(s) with Rd \link{} targets missing package
anchors:
Century.Rd: R6Class
Decade.Rd: R6Class
Periods.Rd: R6Class
Year.Rd: R6Class
unstruwwel.Rd: R6Class
Please provide package anchors for all Rd \link{} targets not in the
package itself and the base packages.
Flavors: r-devel-linux-x86_64-debian-clang, r-devel-linux-x86_64-debian-gcc, r-devel-windows-x86_64
Version: 0.2.0
Check: data for non-ASCII characters
Result: NOTE
Note: found 3347 marked UTF-8 strings
Flavors: r-devel-linux-x86_64-fedora-clang, r-devel-linux-x86_64-fedora-gcc