CRAN Package Check Results for Package unglue

Last updated on 2025-02-04 05:50:34 CET.

Flavor Version Tinstall Tcheck Ttotal Status Flags
r-devel-linux-x86_64-debian-clang 0.1.0 2.04 20.47 22.51 OK
r-devel-linux-x86_64-debian-gcc 0.1.0 1.53 16.31 17.84 OK
r-devel-linux-x86_64-fedora-clang 0.1.0 37.12 OK
r-devel-linux-x86_64-fedora-gcc 0.1.0 47.50 OK
r-devel-windows-x86_64 0.1.0 4.00 43.00 47.00 OK
r-patched-linux-x86_64 0.1.0 2.07 19.49 21.56 NOTE
r-release-linux-x86_64 0.1.0 1.89 19.65 21.54 NOTE
r-release-macos-arm64 0.1.0 20.00 NOTE
r-release-macos-x86_64 0.1.0 32.00 NOTE
r-release-windows-x86_64 0.1.0 4.00 42.00 46.00 NOTE
r-oldrel-macos-arm64 0.1.0 21.00 NOTE
r-oldrel-macos-x86_64 0.1.0 40.00 NOTE
r-oldrel-windows-x86_64 0.1.0 3.00 44.00 47.00 NOTE

Check Details

Version: 0.1.0
Check: LazyData
Result: NOTE 'LazyData' is specified without a 'data' directory Flavors: r-patched-linux-x86_64, r-release-linux-x86_64, r-release-macos-arm64, r-release-macos-x86_64, r-release-windows-x86_64, r-oldrel-macos-arm64, r-oldrel-macos-x86_64, r-oldrel-windows-x86_64