Last updated on 2024-08-17 05:49:38 CEST.
Flavor | Version | Tinstall | Tcheck | Ttotal | Status | Flags |
---|---|---|---|---|---|---|
r-devel-linux-x86_64-debian-clang | 1.2.6 | 581.82 | 241.65 | 823.47 | NOTE | |
r-devel-linux-x86_64-debian-gcc | 1.2.6 | 508.80 | 208.63 | 717.43 | NOTE | |
r-devel-linux-x86_64-fedora-clang | 1.2.6 | 1232.30 | NOTE | |||
r-devel-linux-x86_64-fedora-gcc | 1.2.6 | 1743.83 | NOTE | |||
r-devel-windows-x86_64 | 1.2.6 | 510.00 | 297.00 | 807.00 | NOTE | |
r-patched-linux-x86_64 | 1.2.6 | 655.42 | 275.97 | 931.39 | NOTE | |
r-release-linux-x86_64 | 1.2.6 | 658.94 | 280.72 | 939.66 | NOTE | |
r-release-macos-arm64 | 1.2.6 | 315.00 | NOTE | |||
r-release-macos-x86_64 | 1.2.6 | 327.00 | NOTE | |||
r-release-windows-x86_64 | 1.2.6 | 512.00 | 292.00 | 804.00 | NOTE | |
r-oldrel-macos-arm64 | 1.2.6 | 535.00 | NOTE | |||
r-oldrel-macos-x86_64 | 1.2.6 | 546.00 | NOTE | |||
r-oldrel-windows-x86_64 | 1.2.6 | 725.00 | 369.00 | 1094.00 | NOTE |
Version: 1.2.6
Check: Rd cross-references
Result: NOTE
Found the following Rd file(s) with Rd \link{} targets missing package
anchors:
stan_colext.Rd: unmarkedMultFrame, stan, colext
stan_distsamp.Rd: unmarkedFrameDS, stan, distsamp
stan_multinomPois.Rd: unmarkedFrameMPois, stan, multinomPois
stan_occu.Rd: unmarkedFrameOccu, stan, occu
stan_occuRN.Rd: unmarkedFrameOccu, stan, occuRN
stan_occuTTD.Rd: unmarkedFrameOccuTTD, stan, occuTTD
stan_pcount.Rd: unmarkedFramePCount, stan, pcount
Please provide package anchors for all Rd \link{} targets not in the
package itself and the base packages.
Flavors: r-devel-linux-x86_64-debian-clang, r-devel-linux-x86_64-debian-gcc, r-devel-windows-x86_64
Version: 1.2.6
Check: for GNU extensions in Makefiles
Result: NOTE
GNU make is a SystemRequirements.
Flavors: r-devel-linux-x86_64-debian-clang, r-devel-linux-x86_64-debian-gcc, r-devel-linux-x86_64-fedora-clang, r-devel-linux-x86_64-fedora-gcc, r-devel-windows-x86_64, r-patched-linux-x86_64, r-release-linux-x86_64, r-release-macos-arm64, r-release-macos-x86_64, r-release-windows-x86_64, r-oldrel-macos-arm64, r-oldrel-macos-x86_64, r-oldrel-windows-x86_64
Version: 1.2.6
Check: installed package size
Result: NOTE
installed size is 8.5Mb
sub-directories of 1Mb or more:
R 1.4Mb
doc 1.0Mb
libs 5.8Mb
Flavors: r-devel-linux-x86_64-fedora-clang, r-devel-windows-x86_64, r-release-macos-arm64, r-release-macos-x86_64, r-release-windows-x86_64, r-oldrel-macos-arm64, r-oldrel-macos-x86_64, r-oldrel-windows-x86_64