Last updated on 2024-08-17 05:49:38 CEST.
Flavor | Version | Tinstall | Tcheck | Ttotal | Status | Flags |
---|---|---|---|---|---|---|
r-devel-linux-x86_64-debian-clang | 1.2.1 | 18.08 | 142.11 | 160.19 | OK | |
r-devel-linux-x86_64-debian-gcc | 1.2.1 | 16.85 | 99.43 | 116.28 | OK | |
r-devel-linux-x86_64-fedora-clang | 1.2.1 | 269.38 | NOTE | |||
r-devel-linux-x86_64-fedora-gcc | 1.2.1 | 255.34 | OK | |||
r-devel-windows-x86_64 | 1.2.1 | 23.00 | 150.00 | 173.00 | OK | |
r-patched-linux-x86_64 | 1.2.1 | 22.56 | 134.40 | 156.96 | OK | |
r-release-linux-x86_64 | 1.2.1 | 18.20 | 135.67 | 153.87 | OK | |
r-release-macos-arm64 | 1.2.1 | 67.00 | OK | |||
r-release-macos-x86_64 | 1.2.1 | 108.00 | OK | |||
r-release-windows-x86_64 | 1.2.1 | 25.00 | 145.00 | 170.00 | OK | |
r-oldrel-macos-arm64 | 1.2.1 | 73.00 | OK | |||
r-oldrel-macos-x86_64 | 1.2.1 | 156.00 | OK | |||
r-oldrel-windows-x86_64 | 1.2.1 | 31.00 | 182.00 | 213.00 | OK |
Version: 1.2.1
Check: package dependencies
Result: NOTE
Imports includes 24 non-default packages.
Importing from so many packages makes the package vulnerable to any of
them becoming unavailable. Move as many as possible to Suggests and
use conditionally.
Flavor: r-devel-linux-x86_64-fedora-clang