Last updated on 2024-08-17 05:49:38 CEST.
Flavor | Version | Tinstall | Tcheck | Ttotal | Status | Flags |
---|---|---|---|---|---|---|
r-devel-linux-x86_64-debian-clang | 1.0.2 | 471.87 | 217.12 | 688.99 | OK | |
r-devel-linux-x86_64-debian-gcc | 1.0.2 | 364.56 | 150.24 | 514.80 | OK | |
r-devel-linux-x86_64-fedora-clang | 1.0.2 | 983.74 | NOTE | |||
r-devel-linux-x86_64-fedora-gcc | 1.0.2 | 1525.39 | OK | |||
r-devel-windows-x86_64 | 1.0.2 | 366.00 | 300.00 | 666.00 | NOTE | |
r-patched-linux-x86_64 | 1.0.2 | 520.23 | 211.30 | 731.53 | OK | |
r-release-linux-x86_64 | 1.0.2 | 524.45 | 212.51 | 736.96 | OK | |
r-release-macos-arm64 | 1.0.2 | 346.00 | NOTE | |||
r-release-macos-x86_64 | 1.0.2 | 513.00 | NOTE | |||
r-release-windows-x86_64 | 1.0.2 | 404.00 | 295.00 | 699.00 | NOTE | |
r-oldrel-macos-arm64 | 1.0.2 | 328.00 | NOTE | |||
r-oldrel-macos-x86_64 | 1.0.2 | 574.00 | NOTE | |||
r-oldrel-windows-x86_64 | 1.0.2 | 500.00 | 371.00 | 871.00 | NOTE |
Version: 1.0.2
Check: installed package size
Result: NOTE
installed size is 12.3Mb
sub-directories of 1Mb or more:
libs 11.1Mb
Flavors: r-devel-linux-x86_64-fedora-clang, r-devel-windows-x86_64, r-release-macos-arm64, r-release-macos-x86_64, r-release-windows-x86_64, r-oldrel-macos-arm64, r-oldrel-macos-x86_64, r-oldrel-windows-x86_64