CRAN Package Check Results for Package triact

Last updated on 2025-02-10 03:49:33 CET.

Flavor Version Tinstall Tcheck Ttotal Status Flags
r-devel-linux-x86_64-debian-clang 0.3.0 6.08 61.81 67.89 NOTE
r-devel-linux-x86_64-debian-gcc 0.3.0 4.09 46.05 50.14 NOTE
r-devel-linux-x86_64-fedora-clang 0.3.0 102.24 OK
r-devel-linux-x86_64-fedora-gcc 0.3.0 106.55 OK
r-devel-windows-x86_64 0.3.0 7.00 89.00 96.00 NOTE
r-patched-linux-x86_64 0.3.0 8.47 51.40 59.87 OK
r-release-linux-x86_64 0.3.0 6.18 52.41 58.59 OK
r-release-macos-arm64 0.3.0 41.00 NOTE
r-release-macos-x86_64 0.3.0 67.00 NOTE
r-release-windows-x86_64 0.3.0 8.00 88.00 96.00 NOTE
r-oldrel-macos-arm64 0.3.0 44.00 NOTE
r-oldrel-macos-x86_64 0.3.0 113.00 NOTE
r-oldrel-windows-x86_64 0.3.0 10.00 100.00 110.00 NOTE

Check Details

Version: 0.3.0
Check: Rd cross-references
Result: NOTE Found the following Rd file(s) with Rd \link{} targets missing package anchors: Triact.Rd: fread, floor_date Please provide package anchors for all Rd \link{} targets not in the package itself and the base packages. Flavors: r-devel-linux-x86_64-debian-clang, r-devel-linux-x86_64-debian-gcc, r-devel-windows-x86_64

Version: 0.3.0
Check: installed package size
Result: NOTE installed size is 17.6Mb sub-directories of 1Mb or more: data 1.3Mb doc 1.3Mb extdata 14.8Mb Flavors: r-release-macos-arm64, r-release-macos-x86_64, r-release-windows-x86_64, r-oldrel-macos-arm64, r-oldrel-macos-x86_64, r-oldrel-windows-x86_64