Last updated on 2024-08-17 05:49:38 CEST.
Flavor | Version | Tinstall | Tcheck | Ttotal | Status | Flags |
---|---|---|---|---|---|---|
r-devel-linux-x86_64-debian-clang | 0.1.1 | 2.07 | 23.29 | 25.36 | NOTE | |
r-devel-linux-x86_64-debian-gcc | 0.1.1 | 1.59 | 18.22 | 19.81 | NOTE | |
r-devel-linux-x86_64-fedora-clang | 0.1.1 | 41.47 | NOTE | |||
r-devel-linux-x86_64-fedora-gcc | 0.1.1 | 40.49 | NOTE | |||
r-devel-windows-x86_64 | 0.1.1 | 4.00 | 46.00 | 50.00 | NOTE | |
r-patched-linux-x86_64 | 0.1.1 | 2.05 | 22.62 | 24.67 | NOTE | |
r-release-linux-x86_64 | 0.1.1 | 1.94 | 22.68 | 24.62 | NOTE | |
r-release-macos-arm64 | 0.1.1 | 78.00 | NOTE | |||
r-release-macos-x86_64 | 0.1.1 | 25.00 | NOTE | |||
r-release-windows-x86_64 | 0.1.1 | 7.00 | 46.00 | 53.00 | NOTE | |
r-oldrel-macos-arm64 | 0.1.1 | 19.00 | OK | |||
r-oldrel-macos-x86_64 | 0.1.1 | 29.00 | OK | |||
r-oldrel-windows-x86_64 | 0.1.1 | 4.00 | 46.00 | 50.00 | OK |
Version: 0.1.1
Check: Rd files
Result: NOTE
checkRd: (-1) trans.Rd:46: Lost braces; missing escapes or markup?
46 | "Found {trans("file", .n = n_files)} in {trans("directory", .n = n_dirs)}".
| ^
checkRd: (-1) trans.Rd:46: Lost braces; missing escapes or markup?
46 | "Found {trans("file", .n = n_files)} in {trans("directory", .n = n_dirs)}".
| ^
Flavors: r-devel-linux-x86_64-debian-clang, r-devel-linux-x86_64-debian-gcc, r-devel-linux-x86_64-fedora-clang, r-devel-linux-x86_64-fedora-gcc, r-devel-windows-x86_64, r-patched-linux-x86_64, r-release-linux-x86_64, r-release-macos-arm64, r-release-macos-x86_64, r-release-windows-x86_64