Last updated on 2025-02-10 03:49:33 CET.
Flavor | Version | Tinstall | Tcheck | Ttotal | Status | Flags |
---|---|---|---|---|---|---|
r-devel-linux-x86_64-debian-clang | 0.8.1 | 20.18 | 41.82 | 62.00 | NOTE | |
r-devel-linux-x86_64-debian-gcc | 0.8.1 | 13.02 | 31.83 | 44.85 | NOTE | |
r-devel-linux-x86_64-fedora-clang | 0.8.1 | 102.94 | NOTE | |||
r-devel-linux-x86_64-fedora-gcc | 0.8.1 | 110.62 | NOTE | |||
r-devel-windows-x86_64 | 0.8.1 | 18.00 | 61.00 | 79.00 | NOTE | |
r-patched-linux-x86_64 | 0.8.1 | 20.10 | 39.48 | 59.58 | NOTE | |
r-release-linux-x86_64 | 0.8.1 | 19.27 | 39.99 | 59.26 | NOTE | |
r-release-macos-arm64 | 0.8.1 | 37.00 | NOTE | |||
r-release-macos-x86_64 | 0.8.1 | 57.00 | NOTE | |||
r-release-windows-x86_64 | 0.8.1 | 18.00 | 63.00 | 81.00 | NOTE | |
r-oldrel-macos-arm64 | 0.8.1 | 34.00 | OK | |||
r-oldrel-macos-x86_64 | 0.8.1 | 58.00 | NOTE | |||
r-oldrel-windows-x86_64 | 0.8.1 | 17.00 | 72.00 | 89.00 | OK |
Version: 0.8.1
Check: Rd files
Result: NOTE
checkRd: (-1) Sim-Functions.Rd:99: Lost braces in \itemize; meant \describe ?
checkRd: (-1) Sim-Functions.Rd:100-102: Lost braces in \itemize; meant \describe ?
checkRd: (-1) Sim-Functions.Rd:108: Lost braces in \itemize; meant \describe ?
checkRd: (-1) Sim-Functions.Rd:109-110: Lost braces in \itemize; meant \describe ?
checkRd: (-1) Sim-Functions.Rd:111-113: Lost braces in \itemize; meant \describe ?
checkRd: (-1) Sim-Functions.Rd:114-116: Lost braces in \itemize; meant \describe ?
Flavors: r-devel-linux-x86_64-debian-clang, r-devel-linux-x86_64-debian-gcc, r-devel-linux-x86_64-fedora-clang, r-devel-linux-x86_64-fedora-gcc, r-devel-windows-x86_64, r-patched-linux-x86_64, r-release-linux-x86_64, r-release-macos-arm64, r-release-macos-x86_64, r-release-windows-x86_64
Version: 0.8.1
Check: Rd cross-references
Result: NOTE
Found the following Rd file(s) with Rd \link{} targets missing package
anchors:
Sim-Functions.Rd: Logit-class, CES-class
cournot_tariff.Rd: Cournot-class
Please provide package anchors for all Rd \link{} targets not in the
package itself and the base packages.
Flavors: r-devel-linux-x86_64-debian-clang, r-devel-linux-x86_64-debian-gcc, r-devel-windows-x86_64
Version: 0.8.1
Check: package dependencies
Result: NOTE
Package suggested but not available for checking: ‘competitiontoolbox’
Flavor: r-oldrel-macos-x86_64
Version: 0.8.1
Check: Rd cross-references
Result: NOTE
Package unavailable to check Rd xrefs: ‘competitiontoolbox’
Flavor: r-oldrel-macos-x86_64