Last updated on 2024-08-17 05:49:38 CEST.
Flavor | Version | Tinstall | Tcheck | Ttotal | Status | Flags |
---|---|---|---|---|---|---|
r-devel-linux-x86_64-debian-clang | 1.2 | 15.53 | 103.92 | 119.45 | OK | |
r-devel-linux-x86_64-debian-gcc | 1.2 | 11.69 | 77.18 | 88.87 | OK | |
r-devel-linux-x86_64-fedora-clang | 1.2 | 189.10 | NOTE | |||
r-devel-linux-x86_64-fedora-gcc | 1.2 | 176.19 | NOTE | |||
r-devel-windows-x86_64 | 1.2 | 17.00 | 104.00 | 121.00 | OK | |
r-patched-linux-x86_64 | 1.2 | 12.87 | 99.58 | 112.45 | OK | |
r-release-linux-x86_64 | 1.2 | 12.50 | 99.83 | 112.33 | OK | |
r-release-macos-arm64 | 1.2 | 48.00 | OK | |||
r-release-macos-x86_64 | 1.2 | 76.00 | OK | |||
r-release-windows-x86_64 | 1.2 | 16.00 | 102.00 | 118.00 | OK | |
r-oldrel-macos-arm64 | 1.2 | 57.00 | OK | |||
r-oldrel-macos-x86_64 | 1.2 | 91.00 | OK | |||
r-oldrel-windows-x86_64 | 1.2 | 21.00 | 129.00 | 150.00 | OK |
Version: 1.2
Check: dependencies in R code
Result: NOTE
Namespaces in Imports field not imported from:
‘V8’ ‘colorspace’
All declared Imports should be used.
Flavors: r-devel-linux-x86_64-fedora-clang, r-devel-linux-x86_64-fedora-gcc