Last updated on 2024-08-17 05:49:38 CEST.
Flavor | Version | Tinstall | Tcheck | Ttotal | Status | Flags |
---|---|---|---|---|---|---|
r-devel-linux-x86_64-debian-clang | 2.2.3 | 9.62 | 37.02 | 46.64 | NOTE | |
r-devel-linux-x86_64-debian-gcc | 2.2.3 | 6.35 | 27.45 | 33.80 | NOTE | |
r-devel-linux-x86_64-fedora-clang | 2.2.3 | 79.96 | NOTE | |||
r-devel-linux-x86_64-fedora-gcc | 2.2.3 | 90.98 | NOTE | |||
r-devel-windows-x86_64 | 2.2.3 | 12.00 | 81.00 | 93.00 | NOTE | |
r-patched-linux-x86_64 | 2.2.3 | 9.60 | 34.62 | 44.22 | NOTE | |
r-release-linux-x86_64 | 2.2.3 | 8.95 | 34.97 | 43.92 | NOTE | |
r-release-macos-arm64 | 2.2.3 | 32.00 | NOTE | |||
r-release-macos-x86_64 | 2.2.3 | 57.00 | NOTE | |||
r-release-windows-x86_64 | 2.2.3 | 14.00 | 84.00 | 98.00 | NOTE | |
r-oldrel-macos-arm64 | 2.2.3 | 104.00 | OK | |||
r-oldrel-macos-x86_64 | 2.2.3 | 105.00 | OK | |||
r-oldrel-windows-x86_64 | 2.2.3 | 13.00 | 92.00 | 105.00 | OK |
Version: 2.2.3
Check: Rd files
Result: NOTE
checkRd: (-1) parse_beast_output_files.Rd:23: Lost braces
23 | item{\code{estimates}: parameter estimates}
| ^
checkRd: (-1) parse_beast_output_files.Rd:24-28: Lost braces
24 | item{
| ^
checkRd: (-1) parse_beast_output_files.Rd:29-31: Lost braces
29 | item{\code{operators}: the BEAST2 MCMC operator
| ^
checkRd: (-1) parse_beast_posterior.Rd:28: Lost braces
28 | item{\code{estimates}: parameter estimates}
| ^
checkRd: (-1) parse_beast_posterior.Rd:29-33: Lost braces
29 | item{
| ^
Flavors: r-devel-linux-x86_64-debian-clang, r-devel-linux-x86_64-debian-gcc, r-devel-linux-x86_64-fedora-clang, r-devel-linux-x86_64-fedora-gcc, r-devel-windows-x86_64, r-patched-linux-x86_64, r-release-linux-x86_64, r-release-macos-arm64, r-release-macos-x86_64, r-release-windows-x86_64