Last updated on 2025-02-11 03:50:23 CET.
Flavor | Version | Tinstall | Tcheck | Ttotal | Status | Flags |
---|---|---|---|---|---|---|
r-devel-linux-x86_64-debian-clang | 0.1.3 | 73.63 | 24.64 | 98.27 | OK | |
r-devel-linux-x86_64-debian-gcc | 0.1.3 | 58.31 | 19.76 | 78.07 | OK | |
r-devel-linux-x86_64-fedora-clang | 0.1.3 | 183.99 | OK | |||
r-devel-linux-x86_64-fedora-gcc | 0.1.3 | 207.81 | OK | |||
r-devel-windows-x86_64 | 0.1.3 | 69.00 | 70.00 | 139.00 | OK | |
r-patched-linux-x86_64 | 0.1.3 | 81.68 | 23.45 | 105.13 | OK | |
r-release-linux-x86_64 | 0.1.3 | 80.62 | 23.50 | 104.12 | OK | |
r-release-macos-arm64 | 0.1.3 | 53.00 | NOTE | |||
r-release-macos-x86_64 | 0.1.3 | 58.00 | NOTE | |||
r-release-windows-x86_64 | 0.1.3 | 72.00 | 71.00 | 143.00 | OK | |
r-oldrel-macos-arm64 | 0.1.3 | 58.00 | NOTE | |||
r-oldrel-macos-x86_64 | 0.1.3 | 94.00 | NOTE | |||
r-oldrel-windows-x86_64 | 0.1.3 | 67.00 | 78.00 | 145.00 | OK |
Version: 0.1.3
Check: installed package size
Result: NOTE
installed size is 6.1Mb
sub-directories of 1Mb or more:
libs 5.1Mb
Flavors: r-release-macos-arm64, r-release-macos-x86_64, r-oldrel-macos-arm64, r-oldrel-macos-x86_64