Last updated on 2025-02-10 03:49:33 CET.
Flavor | Version | Tinstall | Tcheck | Ttotal | Status | Flags |
---|---|---|---|---|---|---|
r-devel-linux-x86_64-debian-clang | 1.0.1 | 35.70 | 93.56 | 129.26 | OK | |
r-devel-linux-x86_64-debian-gcc | 1.0.1 | 27.17 | 69.00 | 96.17 | OK | |
r-devel-linux-x86_64-fedora-clang | 1.0.1 | 235.55 | OK | |||
r-devel-linux-x86_64-fedora-gcc | 1.0.1 | 250.64 | OK | |||
r-devel-windows-x86_64 | 1.0.1 | 40.00 | 127.00 | 167.00 | OK | |
r-patched-linux-x86_64 | 1.0.1 | 39.32 | 91.82 | 131.14 | OK | |
r-release-linux-x86_64 | 1.0.1 | 41.41 | 91.10 | 132.51 | OK | |
r-release-macos-arm64 | 1.0.1 | 65.00 | NOTE | |||
r-release-macos-x86_64 | 1.0.1 | 99.00 | NOTE | |||
r-release-windows-x86_64 | 1.0.1 | 41.00 | 132.00 | 173.00 | OK | |
r-oldrel-macos-arm64 | 1.0.1 | 84.00 | NOTE | |||
r-oldrel-macos-x86_64 | 1.0.1 | 179.00 | NOTE | |||
r-oldrel-windows-x86_64 | 1.0.1 | 48.00 | 160.00 | 208.00 | OK |
Version: 1.0.1
Check: installed package size
Result: NOTE
installed size is 7.3Mb
sub-directories of 1Mb or more:
doc 2.2Mb
libs 4.7Mb
Flavors: r-release-macos-arm64, r-release-macos-x86_64, r-oldrel-macos-arm64, r-oldrel-macos-x86_64