Last updated on 2024-08-17 05:49:38 CEST.
Flavor | Version | Tinstall | Tcheck | Ttotal | Status | Flags |
---|---|---|---|---|---|---|
r-devel-linux-x86_64-debian-clang | 2.4.2 | 34.96 | 289.22 | 324.18 | OK | |
r-devel-linux-x86_64-debian-gcc | 2.4.2 | 24.92 | 203.65 | 228.57 | OK | |
r-devel-linux-x86_64-fedora-clang | 2.4.2 | 521.63 | OK | |||
r-devel-linux-x86_64-fedora-gcc | 2.4.2 | 519.07 | OK | |||
r-devel-windows-x86_64 | 2.4.2 | 37.00 | 295.00 | 332.00 | OK | |
r-patched-linux-x86_64 | 2.4.2 | 33.43 | 278.86 | 312.29 | OK | |
r-release-linux-x86_64 | 2.4.2 | 30.76 | 278.81 | 309.57 | OK | |
r-release-macos-arm64 | 2.4.2 | 86.00 | NOTE | |||
r-release-macos-x86_64 | 2.4.2 | 163.00 | OK | |||
r-release-windows-x86_64 | 2.4.2 | 37.00 | 295.00 | 332.00 | OK | |
r-oldrel-macos-arm64 | 2.4.2 | 97.00 | NOTE | |||
r-oldrel-macos-x86_64 | 2.4.2 | 160.00 | NOTE | |||
r-oldrel-windows-x86_64 | 2.4.2 | 49.00 | 395.00 | 444.00 | OK |
Version: 2.4.2
Check: package dependencies
Result: NOTE
Packages suggested but not available for checking:
'org.Rn.eg.db', 'org.Mm.eg.db'
Flavors: r-release-macos-arm64, r-oldrel-macos-x86_64
Version: 2.4.2
Check: package dependencies
Result: NOTE
Package suggested but not available for checking: ‘org.Rn.eg.db’
Flavor: r-oldrel-macos-arm64