Last updated on 2024-08-17 05:49:38 CEST.
Flavor | Version | Tinstall | Tcheck | Ttotal | Status | Flags |
---|---|---|---|---|---|---|
r-devel-linux-x86_64-debian-clang | 0.1.1 | 4.80 | 45.97 | 50.77 | OK | |
r-devel-linux-x86_64-debian-gcc | 0.1.1 | 3.61 | 33.27 | 36.88 | OK | |
r-devel-linux-x86_64-fedora-clang | 0.1.1 | 82.13 | NOTE | |||
r-devel-linux-x86_64-fedora-gcc | 0.1.1 | 84.49 | NOTE | |||
r-devel-windows-x86_64 | 0.1.1 | 8.00 | 62.00 | 70.00 | OK | |
r-patched-linux-x86_64 | 0.1.1 | 4.38 | 43.72 | 48.10 | OK | |
r-release-linux-x86_64 | 0.1.1 | 4.68 | 44.00 | 48.68 | OK | |
r-release-macos-arm64 | 0.1.1 | 26.00 | OK | |||
r-release-macos-x86_64 | 0.1.1 | 38.00 | OK | |||
r-release-windows-x86_64 | 0.1.1 | 7.00 | 64.00 | 71.00 | OK | |
r-oldrel-macos-arm64 | 0.1.1 | 29.00 | OK | |||
r-oldrel-macos-x86_64 | 0.1.1 | 40.00 | OK | |||
r-oldrel-windows-x86_64 | 0.1.1 | 8.00 | 72.00 | 80.00 | OK |
Version: 0.1.1
Check: dependencies in R code
Result: NOTE
Namespace in Imports field not imported from: ‘base’
All declared Imports should be used.
Flavors: r-devel-linux-x86_64-fedora-clang, r-devel-linux-x86_64-fedora-gcc