Last updated on 2024-08-17 05:49:38 CEST.
Flavor | Version | Tinstall | Tcheck | Ttotal | Status | Flags |
---|---|---|---|---|---|---|
r-devel-linux-x86_64-debian-clang | 0.3.0 | 29.91 | 25.04 | 54.95 | NOTE | |
r-devel-linux-x86_64-debian-gcc | 0.3.0 | 20.65 | 19.03 | 39.68 | NOTE | |
r-devel-linux-x86_64-fedora-clang | 0.3.0 | 112.01 | NOTE | |||
r-devel-linux-x86_64-fedora-gcc | 0.3.0 | 112.39 | NOTE | |||
r-devel-windows-x86_64 | 0.3.0 | 37.00 | 76.00 | 113.00 | NOTE | |
r-patched-linux-x86_64 | 0.3.0 | 28.14 | 23.76 | 51.90 | OK | |
r-release-linux-x86_64 | 0.3.0 | 27.18 | 24.27 | 51.45 | OK | |
r-release-macos-arm64 | 0.3.0 | 28.00 | OK | |||
r-release-macos-x86_64 | 0.3.0 | 35.00 | OK | |||
r-release-windows-x86_64 | 0.3.0 | 37.00 | 77.00 | 114.00 | OK | |
r-oldrel-macos-arm64 | 0.3.0 | 52.00 | OK | |||
r-oldrel-macos-x86_64 | 0.3.0 | 95.00 | OK | |||
r-oldrel-windows-x86_64 | 0.3.0 | 36.00 | 81.00 | 117.00 | OK |
Version: 0.3.0
Check: compiled code
Result: NOTE
File ‘timechange/libs/timechange.so’:
Found non-API calls to R: ‘SETLENGTH’, ‘SET_GROWABLE_BIT’,
‘SET_TRUELENGTH’
Compiled code should not call non-API entry points in R.
See ‘Writing portable packages’ in the ‘Writing R Extensions’ manual,
and section ‘Moving into C API compliance’ for issues with the use of
non-API entry points.
Flavors: r-devel-linux-x86_64-debian-clang, r-devel-linux-x86_64-debian-gcc, r-devel-linux-x86_64-fedora-clang, r-devel-linux-x86_64-fedora-gcc
Version: 0.3.0
Check: compiled code
Result: NOTE
File 'timechange/libs/x64/timechange.dll':
Found non-API calls to R: 'SETLENGTH', 'SET_GROWABLE_BIT',
'SET_TRUELENGTH'
Compiled code should not call non-API entry points in R.
See 'Writing portable packages' in the 'Writing R Extensions' manual,
and section 'Moving into C API compliance' for issues with the use of
non-API entry points.
Flavor: r-devel-windows-x86_64