Last updated on 2024-08-18 04:48:26 CEST.
Flavor | Version | Tinstall | Tcheck | Ttotal | Status | Flags |
---|---|---|---|---|---|---|
r-devel-linux-x86_64-debian-clang | 0.29.0 | 131.24 | 166.11 | 297.35 | OK | |
r-devel-linux-x86_64-debian-gcc | 0.29.0 | 108.65 | 99.07 | 207.72 | OK | |
r-devel-linux-x86_64-fedora-clang | 0.29.0 | 548.91 | NOTE | |||
r-devel-linux-x86_64-fedora-gcc | 0.29.0 | 618.13 | OK | |||
r-devel-windows-x86_64 | 0.29.0 | 142.00 | 391.00 | 533.00 | NOTE | |
r-patched-linux-x86_64 | 0.29.0 | 150.76 | 159.16 | 309.92 | OK | |
r-release-linux-x86_64 | 0.29.0 | 144.03 | 163.24 | 307.27 | OK | |
r-release-macos-arm64 | 0.29.0 | 155.00 | NOTE | |||
r-release-macos-x86_64 | 0.29.0 | 392.00 | NOTE | |||
r-release-windows-x86_64 | 0.29.0 | 150.00 | 391.00 | 541.00 | NOTE | |
r-oldrel-macos-arm64 | 0.29.0 | 167.00 | NOTE | |||
r-oldrel-macos-x86_64 | 0.29.0 | 279.00 | NOTE | |||
r-oldrel-windows-x86_64 | 0.29.0 | 176.00 | 450.00 | 626.00 | NOTE |
Version: 0.29.0
Check: installed package size
Result: NOTE
installed size is 86.8Mb
sub-directories of 1Mb or more:
libs 2.3Mb
tiledb 82.0Mb
Flavors: r-devel-linux-x86_64-fedora-clang, r-devel-windows-x86_64, r-release-macos-arm64, r-release-macos-x86_64, r-release-windows-x86_64, r-oldrel-macos-arm64, r-oldrel-macos-x86_64, r-oldrel-windows-x86_64