Last updated on 2024-08-17 05:49:38 CEST.
Flavor | Version | Tinstall | Tcheck | Ttotal | Status | Flags |
---|---|---|---|---|---|---|
r-devel-linux-x86_64-debian-clang | 0.5.9 | 7.89 | 96.28 | 104.17 | OK | |
r-devel-linux-x86_64-debian-gcc | 0.5.9 | 5.00 | 64.07 | 69.07 | OK | |
r-devel-linux-x86_64-fedora-clang | 0.5.9 | 167.37 | NOTE | |||
r-devel-linux-x86_64-fedora-gcc | 0.5.9 | 160.26 | NOTE | |||
r-devel-windows-x86_64 | 0.5.9 | 11.00 | 143.00 | 154.00 | OK | |
r-patched-linux-x86_64 | 0.5.9 | 8.86 | 90.69 | 99.55 | OK | |
r-release-linux-x86_64 | 0.5.9 | 6.70 | 91.50 | 98.20 | OK | |
r-release-macos-arm64 | 0.5.9 | 65.00 | OK | |||
r-release-macos-x86_64 | 0.5.9 | 142.00 | OK | |||
r-release-windows-x86_64 | 0.5.9 | 10.00 | 145.00 | 155.00 | OK | |
r-oldrel-macos-arm64 | 0.5.9 | 79.00 | OK | |||
r-oldrel-macos-x86_64 | 0.5.9 | 121.00 | OK | |||
r-oldrel-windows-x86_64 | 0.5.9 | 12.00 | 162.00 | 174.00 | OK |
Version: 0.5.9
Check: data for non-ASCII characters
Result: NOTE
Note: found 4581 marked UTF-8 strings
Flavors: r-devel-linux-x86_64-fedora-clang, r-devel-linux-x86_64-fedora-gcc