Last updated on 2024-08-17 05:49:38 CEST.
Flavor | Version | Tinstall | Tcheck | Ttotal | Status | Flags |
---|---|---|---|---|---|---|
r-devel-linux-x86_64-debian-clang | 0.2.7 | 52.23 | 495.23 | 547.46 | NOTE | |
r-devel-linux-x86_64-debian-gcc | 0.2.7 | 34.58 | 384.23 | 418.81 | NOTE | |
r-devel-linux-x86_64-fedora-clang | 0.2.7 | 928.29 | OK | |||
r-devel-linux-x86_64-fedora-gcc | 0.2.7 | 647.95 | OK | |||
r-devel-windows-x86_64 | 0.2.7 | 45.00 | 478.00 | 523.00 | NOTE | |
r-patched-linux-x86_64 | 0.2.7 | 60.94 | 515.25 | 576.19 | OK | |
r-release-linux-x86_64 | 0.2.7 | 51.81 | 522.42 | 574.23 | OK | |
r-release-macos-arm64 | 0.2.7 | 262.00 | OK | |||
r-release-macos-x86_64 | 0.2.7 | 481.00 | OK | |||
r-release-windows-x86_64 | 0.2.7 | 43.00 | 474.00 | 517.00 | OK | |
r-oldrel-macos-arm64 | 0.2.7 | 279.00 | OK | |||
r-oldrel-macos-x86_64 | 0.2.7 | 533.00 | OK | |||
r-oldrel-windows-x86_64 | 0.2.7 | 59.00 | 602.00 | 661.00 | OK |
Version: 0.2.7
Check: Rd cross-references
Result: NOTE
Found the following Rd file(s) with Rd \link{} targets missing package
anchors:
add_paths.Rd: lavaan
mixture_starts.Rd: mxData
Please provide package anchors for all Rd \link{} targets not in the
package itself and the base packages.
Flavors: r-devel-linux-x86_64-debian-clang, r-devel-linux-x86_64-debian-gcc, r-devel-windows-x86_64