Last updated on 2024-08-17 05:49:37 CEST.
Flavor | Version | Tinstall | Tcheck | Ttotal | Status | Flags |
---|---|---|---|---|---|---|
r-devel-linux-x86_64-debian-clang | 0.2.2 | 6.32 | 54.08 | 60.40 | NOTE | |
r-devel-linux-x86_64-debian-gcc | 0.2.2 | 5.30 | 39.69 | 44.99 | NOTE | |
r-devel-linux-x86_64-fedora-clang | 0.2.2 | 100.55 | NOTE | |||
r-devel-linux-x86_64-fedora-gcc | 0.2.2 | 108.37 | NOTE | |||
r-devel-windows-x86_64 | 0.2.2 | 7.00 | 74.00 | 81.00 | NOTE | |
r-patched-linux-x86_64 | 0.2.2 | 6.45 | 50.54 | 56.99 | NOTE | |
r-release-linux-x86_64 | 0.2.2 | 6.03 | 50.80 | 56.83 | NOTE | |
r-release-macos-arm64 | 0.2.2 | 35.00 | NOTE | |||
r-release-macos-x86_64 | 0.2.2 | 53.00 | NOTE | |||
r-release-windows-x86_64 | 0.2.2 | 11.00 | 72.00 | 83.00 | NOTE | |
r-oldrel-macos-arm64 | 0.2.2 | 37.00 | NOTE | |||
r-oldrel-macos-x86_64 | 0.2.2 | 58.00 | NOTE | |||
r-oldrel-windows-x86_64 | 0.2.2 | 11.00 | 83.00 | 94.00 | NOTE |
Version: 0.2.2
Check: LazyData
Result: NOTE
'LazyData' is specified without a 'data' directory
Flavors: r-devel-linux-x86_64-debian-clang, r-devel-linux-x86_64-debian-gcc, r-devel-linux-x86_64-fedora-clang, r-devel-linux-x86_64-fedora-gcc, r-devel-windows-x86_64, r-patched-linux-x86_64, r-release-linux-x86_64, r-release-macos-arm64, r-release-macos-x86_64, r-release-windows-x86_64, r-oldrel-macos-arm64, r-oldrel-macos-x86_64, r-oldrel-windows-x86_64