Last updated on 2024-08-18 04:48:25 CEST.
Flavor | Version | Tinstall | Tcheck | Ttotal | Status | Flags |
---|---|---|---|---|---|---|
r-devel-linux-x86_64-debian-clang | 1.0.2 | 13.27 | 133.26 | 146.53 | NOTE | |
r-devel-linux-x86_64-debian-gcc | 1.0.2 | 9.44 | 93.72 | 103.16 | NOTE | |
r-devel-linux-x86_64-fedora-clang | 1.0.2 | 233.29 | OK | |||
r-devel-linux-x86_64-fedora-gcc | 1.0.2 | 229.65 | OK | |||
r-devel-windows-x86_64 | 1.0.2 | 13.00 | 137.00 | 150.00 | NOTE | |
r-patched-linux-x86_64 | 1.0.2 | 16.69 | 128.09 | 144.78 | OK | |
r-release-linux-x86_64 | 1.0.2 | 12.55 | 126.91 | 139.46 | OK | |
r-release-macos-arm64 | 1.0.2 | 57.00 | OK | |||
r-release-macos-x86_64 | 1.0.2 | 97.00 | OK | |||
r-release-windows-x86_64 | 1.0.2 | 14.00 | 133.00 | 147.00 | OK | |
r-oldrel-macos-arm64 | 1.0.2 | 70.00 | OK | |||
r-oldrel-macos-x86_64 | 1.0.2 | 143.00 | OK | |||
r-oldrel-windows-x86_64 | 1.0.2 | 19.00 | 170.00 | 189.00 | OK |
Version: 1.0.2
Check: Rd cross-references
Result: NOTE
Found the following Rd file(s) with Rd \link{} targets missing package
anchors:
step_adasyn.Rd: selections, juice, bake
step_bsmote.Rd: selections, juice, bake
step_downsample.Rd: selections, juice, bake
step_nearmiss.Rd: selections, juice, bake
step_rose.Rd: selections, juice, bake
step_smote.Rd: selections, juice, bake
step_smotenc.Rd: selections, juice, bake
step_tomek.Rd: selections, juice, bake
step_upsample.Rd: selections, juice, bake
Please provide package anchors for all Rd \link{} targets not in the
package itself and the base packages.
Flavors: r-devel-linux-x86_64-debian-clang, r-devel-linux-x86_64-debian-gcc, r-devel-windows-x86_64