Last updated on 2025-02-10 03:49:32 CET.
Flavor | Version | Tinstall | Tcheck | Ttotal | Status | Flags |
---|---|---|---|---|---|---|
r-devel-linux-x86_64-debian-clang | 0.0.4 | 87.01 | 51.04 | 138.05 | OK | |
r-devel-linux-x86_64-debian-gcc | 0.0.4 | 65.04 | 37.80 | 102.84 | OK | |
r-devel-linux-x86_64-fedora-clang | 0.0.4 | 275.40 | OK | |||
r-devel-linux-x86_64-fedora-gcc | 0.0.4 | 276.58 | OK | |||
r-devel-windows-x86_64 | 0.0.4 | 116.00 | 138.00 | 254.00 | OK | |
r-patched-linux-x86_64 | 0.0.4 | 89.66 | 48.19 | 137.85 | OK | |
r-release-linux-x86_64 | 0.0.4 | 92.34 | 48.33 | 140.67 | OK | |
r-release-macos-arm64 | 0.0.4 | 70.00 | NOTE | |||
r-release-macos-x86_64 | 0.0.4 | 101.00 | NOTE | |||
r-release-windows-x86_64 | 0.0.4 | 120.00 | 119.00 | 239.00 | OK | |
r-oldrel-macos-arm64 | 0.0.4 | 73.00 | NOTE | |||
r-oldrel-macos-x86_64 | 0.0.4 | 87.00 | NOTE | |||
r-oldrel-windows-x86_64 | 0.0.4 | 129.00 | 189.00 | 318.00 | OK |
Version: 0.0.4
Check: installed package size
Result: NOTE
installed size is 27.4Mb
sub-directories of 1Mb or more:
libs 27.1Mb
Flavors: r-release-macos-arm64, r-release-macos-x86_64, r-oldrel-macos-arm64, r-oldrel-macos-x86_64