Last updated on 2024-08-17 05:49:37 CEST.
Flavor | Version | Tinstall | Tcheck | Ttotal | Status | Flags |
---|---|---|---|---|---|---|
r-devel-linux-x86_64-debian-clang | 1.9.2 | 10.30 | 110.05 | 120.35 | NOTE | |
r-devel-linux-x86_64-debian-gcc | 1.9.2 | 7.28 | 80.53 | 87.81 | NOTE | |
r-devel-linux-x86_64-fedora-clang | 1.9.2 | 193.20 | OK | |||
r-devel-linux-x86_64-fedora-gcc | 1.9.2 | 204.49 | OK | |||
r-devel-windows-x86_64 | 1.9.2 | 11.00 | 126.00 | 137.00 | NOTE | |
r-patched-linux-x86_64 | 1.9.2 | 17.27 | 102.82 | 120.09 | OK | |
r-release-linux-x86_64 | 1.9.2 | 7.10 | 103.87 | 110.97 | OK | |
r-release-macos-arm64 | 1.9.2 | 65.00 | OK | |||
r-release-macos-x86_64 | 1.9.2 | 104.00 | OK | |||
r-release-windows-x86_64 | 1.9.2 | 13.00 | 125.00 | 138.00 | OK | |
r-oldrel-macos-arm64 | 1.9.2 | 75.00 | OK | |||
r-oldrel-macos-x86_64 | 1.9.2 | 110.00 | OK | |||
r-oldrel-windows-x86_64 | 1.9.2 | 17.00 | 151.00 | 168.00 | OK |
Version: 1.9.2
Check: Rd cross-references
Result: NOTE
Found the following Rd file(s) with Rd \link{} targets missing package
anchors:
feature_columns.Rd: tidyselect
Please provide package anchors for all Rd \link{} targets not in the
package itself and the base packages.
Flavors: r-devel-linux-x86_64-debian-clang, r-devel-linux-x86_64-debian-gcc, r-devel-windows-x86_64