Last updated on 2024-08-17 05:49:37 CEST.
Flavor | Version | Tinstall | Tcheck | Ttotal | Status | Flags |
---|---|---|---|---|---|---|
r-devel-linux-x86_64-debian-clang | 2.17.0 | 20.27 | 87.33 | 107.60 | OK | |
r-devel-linux-x86_64-debian-gcc | 2.17.0 | 14.06 | 62.98 | 77.04 | OK | |
r-devel-linux-x86_64-fedora-clang | 2.17.0 | 174.70 | OK | |||
r-devel-linux-x86_64-fedora-gcc | 2.17.0 | 187.67 | OK | |||
r-devel-windows-x86_64 | 2.17.0 | 20.00 | 111.00 | 131.00 | OK | |
r-patched-linux-x86_64 | 2.17.0 | 19.24 | 81.79 | 101.03 | OK | |
r-release-linux-x86_64 | 2.17.0 | 17.64 | 82.65 | 100.29 | OK | |
r-release-macos-arm64 | 2.17.0 | 55.00 | OK | |||
r-release-macos-x86_64 | 2.17.0 | 141.00 | OK | |||
r-release-windows-x86_64 | 2.17.0 | 22.00 | 113.00 | 135.00 | OK | |
r-oldrel-macos-arm64 | 2.17.0 | 71.00 | ERROR | |||
r-oldrel-macos-x86_64 | 2.17.0 | 113.00 | ERROR | |||
r-oldrel-windows-x86_64 | 2.17.0 | 27.00 | 131.00 | 158.00 | OK |
Version: 2.17.0
Check: running R code from vignettes
Result: ERROR
Errors in running code in vignettes:
when running code in ‘introduction.Rmd’
...
> library(tfdatasets)
> iris_spec <- csv_record_spec("iris.csv")
Warning in file(file, "rt") :
cannot open file 'iris.csv': No such file or directory
When sourcing ‘introduction.R’:
Error: cannot open the connection
Execution halted
‘introduction.Rmd’ using ‘UTF-8’... failed
Flavors: r-oldrel-macos-arm64, r-oldrel-macos-x86_64