Last updated on 2024-08-17 05:49:37 CEST.
Flavor | Version | Tinstall | Tcheck | Ttotal | Status | Flags |
---|---|---|---|---|---|---|
r-devel-linux-x86_64-debian-clang | 1.2.3 | 22.58 | 169.96 | 192.54 | OK | |
r-devel-linux-x86_64-debian-gcc | 1.2.3 | 16.62 | 119.54 | 136.16 | OK | |
r-devel-linux-x86_64-fedora-clang | 1.2.3 | 314.53 | NOTE | |||
r-devel-linux-x86_64-fedora-gcc | 1.2.3 | 317.37 | NOTE | |||
r-devel-windows-x86_64 | 1.2.3 | 23.00 | 182.00 | 205.00 | OK | |
r-patched-linux-x86_64 | 1.2.3 | 21.65 | 160.19 | 181.84 | OK | |
r-release-linux-x86_64 | 1.2.3 | 20.08 | 160.08 | 180.16 | OK | |
r-release-macos-arm64 | 1.2.3 | 91.00 | OK | |||
r-release-macos-x86_64 | 1.2.3 | 250.00 | OK | |||
r-release-windows-x86_64 | 1.2.3 | 22.00 | 177.00 | 199.00 | OK | |
r-oldrel-macos-arm64 | 1.2.3 | 93.00 | OK | |||
r-oldrel-macos-x86_64 | 1.2.3 | 177.00 | OK | |||
r-oldrel-windows-x86_64 | 1.2.3 | 30.00 | 227.00 | 257.00 | OK |
Version: 1.2.3
Check: data for non-ASCII characters
Result: NOTE
Note: found 3 marked UTF-8 strings
Flavors: r-devel-linux-x86_64-fedora-clang, r-devel-linux-x86_64-fedora-gcc