Last updated on 2025-02-04 05:50:32 CET.
Flavor | Version | Tinstall | Tcheck | Ttotal | Status | Flags |
---|---|---|---|---|---|---|
r-devel-linux-x86_64-debian-clang | 1.0.1 | 3.44 | 171.33 | 174.77 | OK | |
r-devel-linux-x86_64-debian-gcc | 1.0.1 | 2.34 | 104.90 | 107.24 | OK | |
r-devel-linux-x86_64-fedora-clang | 1.0.1 | 291.90 | OK | |||
r-devel-linux-x86_64-fedora-gcc | 1.0.1 | 303.25 | OK | |||
r-devel-windows-x86_64 | 1.0.1 | 4.00 | 190.00 | 194.00 | OK | |
r-patched-linux-x86_64 | 1.0.1 | 4.15 | 164.14 | 168.29 | NOTE | |
r-release-linux-x86_64 | 1.0.1 | 3.05 | 162.96 | 166.01 | NOTE | |
r-release-macos-arm64 | 1.0.1 | 85.00 | NOTE | |||
r-release-macos-x86_64 | 1.0.1 | 133.00 | NOTE | |||
r-release-windows-x86_64 | 1.0.1 | 4.00 | 186.00 | 190.00 | NOTE | |
r-oldrel-macos-arm64 | 1.0.1 | 97.00 | NOTE | |||
r-oldrel-macos-x86_64 | 1.0.1 | 162.00 | NOTE | |||
r-oldrel-windows-x86_64 | 1.0.1 | 4.00 | 228.00 | 232.00 | NOTE |
Version: 1.0.1
Check: LazyData
Result: NOTE
'LazyData' is specified without a 'data' directory
Flavors: r-patched-linux-x86_64, r-release-linux-x86_64, r-release-macos-arm64, r-release-macos-x86_64, r-release-windows-x86_64, r-oldrel-macos-arm64, r-oldrel-macos-x86_64, r-oldrel-windows-x86_64