Last updated on 2024-08-18 04:48:25 CEST.
Flavor | Version | Tinstall | Tcheck | Ttotal | Status | Flags |
---|---|---|---|---|---|---|
r-devel-linux-x86_64-debian-clang | 0.13 | 3.82 | 40.02 | 43.84 | NOTE | |
r-devel-linux-x86_64-debian-gcc | 0.13 | 3.55 | 29.41 | 32.96 | NOTE | |
r-devel-linux-x86_64-fedora-clang | 0.13 | 69.91 | OK | |||
r-devel-linux-x86_64-fedora-gcc | 0.13 | 69.33 | OK | |||
r-devel-windows-x86_64 | 0.13 | 6.00 | 59.00 | 65.00 | NOTE | |
r-patched-linux-x86_64 | 0.13 | 8.43 | 38.02 | 46.45 | OK | |
r-release-linux-x86_64 | 0.13 | 4.22 | 38.12 | 42.34 | OK | |
r-release-macos-arm64 | 0.13 | 25.00 | OK | |||
r-release-macos-x86_64 | 0.13 | 35.00 | OK | |||
r-release-windows-x86_64 | 0.13 | 7.00 | 57.00 | 64.00 | OK | |
r-oldrel-macos-arm64 | 0.13 | 30.00 | OK | |||
r-oldrel-macos-x86_64 | 0.13 | 40.00 | OK | |||
r-oldrel-windows-x86_64 | 0.13 | 8.00 | 66.00 | 74.00 | OK |
Version: 0.13
Check: Rd cross-references
Result: NOTE
Found the following Rd file(s) with Rd \link{} targets missing package
anchors:
targetDiagram.Rd: xyplot, panel.xyplot, simpleTheme, ggplot
Please provide package anchors for all Rd \link{} targets not in the
package itself and the base packages.
Flavors: r-devel-linux-x86_64-debian-clang, r-devel-linux-x86_64-debian-gcc, r-devel-windows-x86_64