Last updated on 2024-08-17 05:49:37 CEST.
Flavor | Version | Tinstall | Tcheck | Ttotal | Status | Flags |
---|---|---|---|---|---|---|
r-devel-linux-x86_64-debian-clang | 1.1.2 | 4.54 | 66.72 | 71.26 | NOTE | |
r-devel-linux-x86_64-debian-gcc | 1.1.2 | 2.95 | 46.42 | 49.37 | NOTE | |
r-devel-linux-x86_64-fedora-clang | 1.1.2 | 116.75 | OK | |||
r-devel-linux-x86_64-fedora-gcc | 1.1.2 | 126.61 | OK | |||
r-devel-windows-x86_64 | 1.1.2 | 5.00 | 91.00 | 96.00 | NOTE | |
r-patched-linux-x86_64 | 1.1.2 | 7.18 | 63.15 | 70.33 | OK | |
r-release-linux-x86_64 | 1.1.2 | 4.46 | 63.40 | 67.86 | OK | |
r-release-macos-arm64 | 1.1.2 | 38.00 | OK | |||
r-release-macos-x86_64 | 1.1.2 | 77.00 | OK | |||
r-release-windows-x86_64 | 1.1.2 | 5.00 | 86.00 | 91.00 | OK | |
r-oldrel-macos-arm64 | 1.1.2 | 39.00 | OK | |||
r-oldrel-macos-x86_64 | 1.1.2 | 63.00 | OK | |||
r-oldrel-windows-x86_64 | 1.1.2 | 7.00 | 106.00 | 113.00 | OK |
Version: 1.1.2
Check: Rd cross-references
Result: NOTE
Found the following Rd file(s) with Rd \link{} targets missing package
anchors:
Tagged_table.Rd: data.table
as.data.table.Mashed_table.Rd: as.data.table, data.table
as_workbook.Rd: openxlsx
cmash.Rd: data.table
write_worksheet.Rd: openxlsx
Please provide package anchors for all Rd \link{} targets not in the
package itself and the base packages.
Flavors: r-devel-linux-x86_64-debian-clang, r-devel-linux-x86_64-debian-gcc, r-devel-windows-x86_64