Last updated on 2024-08-17 05:49:37 CEST.
Flavor | Version | Tinstall | Tcheck | Ttotal | Status | Flags |
---|---|---|---|---|---|---|
r-devel-linux-x86_64-debian-clang | 1.1.3 | 13.05 | 137.63 | 150.68 | NOTE | |
r-devel-linux-x86_64-debian-gcc | 1.1.3 | 7.65 | 92.67 | 100.32 | NOTE | |
r-devel-linux-x86_64-fedora-clang | 1.1.3 | 243.25 | OK | |||
r-devel-linux-x86_64-fedora-gcc | 1.1.3 | 248.22 | OK | |||
r-devel-windows-x86_64 | 1.1.3 | 14.00 | 148.00 | 162.00 | NOTE | |
r-patched-linux-x86_64 | 1.1.3 | 18.76 | 128.70 | 147.46 | OK | |
r-release-linux-x86_64 | 1.1.3 | 13.43 | 131.23 | 144.66 | OK | |
r-release-macos-arm64 | 1.1.3 | 68.00 | OK | |||
r-release-macos-x86_64 | 1.1.3 | 105.00 | OK | |||
r-release-windows-x86_64 | 1.1.3 | 15.00 | 145.00 | 160.00 | OK | |
r-oldrel-macos-arm64 | 1.1.3 | 75.00 | OK | |||
r-oldrel-macos-x86_64 | 1.1.3 | 156.00 | OK | |||
r-oldrel-windows-x86_64 | 1.1.3 | 19.00 | 182.00 | 201.00 | OK |
Version: 1.1.3
Check: Rd cross-references
Result: NOTE
Found the following Rd file(s) with Rd \link{} targets missing package
anchors:
mutate.tabxplor_fmt.Rd: dplyr_data_masking
Please provide package anchors for all Rd \link{} targets not in the
package itself and the base packages.
Flavors: r-devel-linux-x86_64-debian-clang, r-devel-linux-x86_64-debian-gcc, r-devel-windows-x86_64