Last updated on 2024-08-18 04:48:25 CEST.
Flavor | Version | Tinstall | Tcheck | Ttotal | Status | Flags |
---|---|---|---|---|---|---|
r-devel-linux-x86_64-debian-clang | 1.0.4 | 7.06 | 62.35 | 69.41 | NOTE | |
r-devel-linux-x86_64-debian-gcc | 1.0.4 | 5.73 | 44.00 | 49.73 | NOTE | |
r-devel-linux-x86_64-fedora-clang | 1.0.4 | 114.15 | NOTE | |||
r-devel-linux-x86_64-fedora-gcc | 1.0.4 | 108.59 | NOTE | |||
r-devel-windows-x86_64 | 1.0.4 | 9.00 | 91.00 | 100.00 | OK | |
r-patched-linux-x86_64 | 1.0.4 | 7.56 | 59.02 | 66.58 | NOTE | |
r-release-linux-x86_64 | 1.0.4 | 6.21 | 59.21 | 65.42 | NOTE | |
r-release-macos-arm64 | 1.0.4 | 33.00 | OK | |||
r-release-macos-x86_64 | 1.0.4 | 57.00 | OK | |||
r-release-windows-x86_64 | 1.0.4 | 9.00 | 89.00 | 98.00 | OK | |
r-oldrel-macos-arm64 | 1.0.4 | 36.00 | OK | |||
r-oldrel-macos-x86_64 | 1.0.4 | 52.00 | OK | |||
r-oldrel-windows-x86_64 | 1.0.4 | 11.00 | 101.00 | 112.00 | OK |
Version: 1.0.4
Check: for non-standard things in the check directory
Result: NOTE
Found the following files/directories:
‘test.csv’
Flavors: r-devel-linux-x86_64-debian-clang, r-devel-linux-x86_64-debian-gcc, r-devel-linux-x86_64-fedora-clang, r-devel-linux-x86_64-fedora-gcc, r-patched-linux-x86_64, r-release-linux-x86_64